{"id":11461,"date":"2019-03-21T17:48:53","date_gmt":"2019-03-21T17:48:53","guid":{"rendered":"https:\/\/annaalbert.com\/producto\/abanico-seda-natural-colores-trencadis\/"},"modified":"2025-10-15T09:16:41","modified_gmt":"2025-10-15T09:16:41","slug":"abanico-seda-natural-colores-trencadis","status":"publish","type":"product","link":"https:\/\/annaalbert.com\/es\/producto-es\/abanico-seda-natural-colores-trencadis\/","title":{"rendered":"ABANICO SEDA NATURAL COLORES TRENCAD\u00cdS"},"content":{"rendered":"<p>Descubre la elegancia inigualable con nuestro abanico seda natural colores trencad\u00eds, de seda natural, tejido con artesan\u00eda exquisita y un trencad\u00eds de colores que cautiva miradas. Cada trozo de seda resplandece en tonalidades vibrantes, creando un juego visual hipnotizando.<\/p>\n<p>Con una variedad de colores que se entrelazan con destreza, este abanico es m\u00e1s que una simple pieza, es una obra de arte funcional. Los tonos ricos de la seda natural se fusionan armoniosamente, creando un espect\u00e1culo crom\u00e1tico que te transporta en un mundo de refinamiento y glamur.<\/p>\n<p>Este abanico, ligero como una pluma, te brinda una brisa suave mientras te convierte en el centro de atenci\u00f3n. Sea en una soir\u00e9e elegante o bajo la luz de la luna, tu estilo brillar\u00e1 con este complemento exquisito. Su estructura robusta, combinada con la delicadeza de la seda, convierte este abanico en la fusi\u00f3n perfecta de funcionalidad y estilo.<\/p>\n<p>Con nuestro abanico seda natural colores trencad\u00eds, experimentar\u00e1s la suavidad lujosa de la seda y la sensualidad de los colores fusionados con maestria. Eleva tu presencia con esta pieza \u00fanica que refleja tu gusto sofisticado y tu pasi\u00f3n por la elegancia atemporal.<\/p>\n<p>Pieza artesanal de colores tanto c\u00e1lidos como fr\u00edos que conjuntamente crean una armon\u00eda \u00fanica.<\/p>\n","protected":false},"excerpt":{"rendered":"<p>Abanico de seda y madera peral.<\/p>\n","protected":false},"featured_media":4303,"comment_status":"closed","ping_status":"closed","template":"","meta":{"_et_pb_use_builder":"","_et_pb_old_content":"","_et_gb_content_width":""},"product_brand":[],"product_cat":[402],"product_tag":[],"class_list":{"0":"post-11461","1":"product","2":"type-product","3":"status-publish","4":"has-post-thumbnail","6":"product_cat-abanicos-es","8":"first","9":"instock","10":"purchasable","11":"product-type-simple"},"yoast_head":"<!-- This site is optimized with the Yoast SEO plugin v27.4 - https:\/\/yoast.com\/product\/yoast-seo-wordpress\/ -->\n<title>Abanico seda natural colores trencad\u00eds - Art en Seda<\/title>\n<meta name=\"description\" content=\"Abanico seda natural colores trencad\u00eds. Pieza artesanal de colores tanto c\u00e1lidos como fr\u00edos que conjuntamente crean una armon\u00eda \u00fanica.\" \/>\n<meta name=\"robots\" content=\"index, follow, max-snippet:-1, max-image-preview:large, max-video-preview:-1\" \/>\n<link rel=\"canonical\" href=\"https:\/\/annaalbert.com\/es\/producto-es\/abanico-seda-natural-colores-trencadis\/\" \/>\n<meta property=\"og:locale\" content=\"es_ES\" \/>\n<meta property=\"og:type\" content=\"article\" \/>\n<meta property=\"og:title\" content=\"Abanico seda natural colores trencad\u00eds - Art en Seda\" \/>\n<meta property=\"og:description\" content=\"Abanico seda natural colores trencad\u00eds. Pieza artesanal de colores tanto c\u00e1lidos como fr\u00edos que conjuntamente crean una armon\u00eda \u00fanica.\" \/>\n<meta property=\"og:url\" content=\"https:\/\/annaalbert.com\/es\/producto-es\/abanico-seda-natural-colores-trencadis\/\" \/>\n<meta property=\"og:site_name\" content=\"Art en Seda\" \/>\n<meta property=\"article:modified_time\" content=\"2025-10-15T09:16:41+00:00\" \/>\n<meta property=\"og:image\" content=\"https:\/\/annaalbert.com\/wp-content\/uploads\/2019\/02\/34-1.jpg\" \/>\n\t<meta property=\"og:image:width\" content=\"500\" \/>\n\t<meta property=\"og:image:height\" content=\"600\" \/>\n\t<meta property=\"og:image:type\" content=\"image\/jpeg\" \/>\n<meta name=\"twitter:card\" content=\"summary_large_image\" \/>\n<meta name=\"twitter:label1\" content=\"Tiempo de lectura\" \/>\n\t<meta name=\"twitter:data1\" content=\"1 minuto\" \/>\n<script type=\"application\/ld+json\" class=\"yoast-schema-graph\">{\"@context\":\"https:\\\/\\\/schema.org\",\"@graph\":[{\"@type\":\"WebPage\",\"@id\":\"https:\\\/\\\/annaalbert.com\\\/es\\\/producto-es\\\/abanico-seda-natural-colores-trencadis\\\/\",\"url\":\"https:\\\/\\\/annaalbert.com\\\/es\\\/producto-es\\\/abanico-seda-natural-colores-trencadis\\\/\",\"name\":\"Abanico seda natural colores trencad\u00eds - Art en Seda\",\"isPartOf\":{\"@id\":\"https:\\\/\\\/annaalbert.com\\\/es\\\/#website\"},\"primaryImageOfPage\":{\"@id\":\"https:\\\/\\\/annaalbert.com\\\/es\\\/producto-es\\\/abanico-seda-natural-colores-trencadis\\\/#primaryimage\"},\"image\":{\"@id\":\"https:\\\/\\\/annaalbert.com\\\/es\\\/producto-es\\\/abanico-seda-natural-colores-trencadis\\\/#primaryimage\"},\"thumbnailUrl\":\"https:\\\/\\\/annaalbert.com\\\/wp-content\\\/uploads\\\/2019\\\/02\\\/34-1.jpg\",\"datePublished\":\"2019-03-21T17:48:53+00:00\",\"dateModified\":\"2025-10-15T09:16:41+00:00\",\"description\":\"Abanico seda natural colores trencad\u00eds. Pieza artesanal de colores tanto c\u00e1lidos como fr\u00edos que conjuntamente crean una armon\u00eda \u00fanica.\",\"breadcrumb\":{\"@id\":\"https:\\\/\\\/annaalbert.com\\\/es\\\/producto-es\\\/abanico-seda-natural-colores-trencadis\\\/#breadcrumb\"},\"inLanguage\":\"es\",\"potentialAction\":[{\"@type\":\"ReadAction\",\"target\":[\"https:\\\/\\\/annaalbert.com\\\/es\\\/producto-es\\\/abanico-seda-natural-colores-trencadis\\\/\"]}]},{\"@type\":\"ImageObject\",\"inLanguage\":\"es\",\"@id\":\"https:\\\/\\\/annaalbert.com\\\/es\\\/producto-es\\\/abanico-seda-natural-colores-trencadis\\\/#primaryimage\",\"url\":\"https:\\\/\\\/annaalbert.com\\\/wp-content\\\/uploads\\\/2019\\\/02\\\/34-1.jpg\",\"contentUrl\":\"https:\\\/\\\/annaalbert.com\\\/wp-content\\\/uploads\\\/2019\\\/02\\\/34-1.jpg\",\"width\":500,\"height\":600,\"caption\":\"ventall seda natural colors trencad\u00eds\"},{\"@type\":\"BreadcrumbList\",\"@id\":\"https:\\\/\\\/annaalbert.com\\\/es\\\/producto-es\\\/abanico-seda-natural-colores-trencadis\\\/#breadcrumb\",\"itemListElement\":[{\"@type\":\"ListItem\",\"position\":1,\"name\":\"Portada\",\"item\":\"https:\\\/\\\/annaalbert.com\\\/es\\\/\"},{\"@type\":\"ListItem\",\"position\":2,\"name\":\"Tienda\",\"item\":\"https:\\\/\\\/annaalbert.com\\\/tienda\\\/\"},{\"@type\":\"ListItem\",\"position\":3,\"name\":\"ABANICO SEDA NATURAL COLORES TRENCAD\u00cdS\"}]},{\"@type\":\"WebSite\",\"@id\":\"https:\\\/\\\/annaalbert.com\\\/es\\\/#website\",\"url\":\"https:\\\/\\\/annaalbert.com\\\/es\\\/\",\"name\":\"Art en Seda\",\"description\":\"Productos de seda pintada a mano, asi como cursos, talleres, experiencias por la artesana Anna Albert\",\"publisher\":{\"@id\":\"https:\\\/\\\/annaalbert.com\\\/es\\\/#organization\"},\"potentialAction\":[{\"@type\":\"SearchAction\",\"target\":{\"@type\":\"EntryPoint\",\"urlTemplate\":\"https:\\\/\\\/annaalbert.com\\\/es\\\/?s={search_term_string}\"},\"query-input\":{\"@type\":\"PropertyValueSpecification\",\"valueRequired\":true,\"valueName\":\"search_term_string\"}}],\"inLanguage\":\"es\"},{\"@type\":\"Organization\",\"@id\":\"https:\\\/\\\/annaalbert.com\\\/es\\\/#organization\",\"name\":\"Art en Seda by Anna Albert\",\"url\":\"https:\\\/\\\/annaalbert.com\\\/es\\\/\",\"logo\":{\"@type\":\"ImageObject\",\"inLanguage\":\"es\",\"@id\":\"https:\\\/\\\/annaalbert.com\\\/es\\\/#\\\/schema\\\/logo\\\/image\\\/\",\"url\":\"https:\\\/\\\/annaalbert.com\\\/wp-content\\\/uploads\\\/2021\\\/01\\\/horitzontal_fonsblanc-scaled.jpg\",\"contentUrl\":\"https:\\\/\\\/annaalbert.com\\\/wp-content\\\/uploads\\\/2021\\\/01\\\/horitzontal_fonsblanc-scaled.jpg\",\"width\":2560,\"height\":779,\"caption\":\"Art en Seda by Anna Albert\"},\"image\":{\"@id\":\"https:\\\/\\\/annaalbert.com\\\/es\\\/#\\\/schema\\\/logo\\\/image\\\/\"}}]}<\/script>\n<!-- \/ Yoast SEO plugin. -->","yoast_head_json":{"title":"Abanico seda natural colores trencad\u00eds - Art en Seda","description":"Abanico seda natural colores trencad\u00eds. Pieza artesanal de colores tanto c\u00e1lidos como fr\u00edos que conjuntamente crean una armon\u00eda \u00fanica.","robots":{"index":"index","follow":"follow","max-snippet":"max-snippet:-1","max-image-preview":"max-image-preview:large","max-video-preview":"max-video-preview:-1"},"canonical":"https:\/\/annaalbert.com\/es\/producto-es\/abanico-seda-natural-colores-trencadis\/","og_locale":"es_ES","og_type":"article","og_title":"Abanico seda natural colores trencad\u00eds - Art en Seda","og_description":"Abanico seda natural colores trencad\u00eds. Pieza artesanal de colores tanto c\u00e1lidos como fr\u00edos que conjuntamente crean una armon\u00eda \u00fanica.","og_url":"https:\/\/annaalbert.com\/es\/producto-es\/abanico-seda-natural-colores-trencadis\/","og_site_name":"Art en Seda","article_modified_time":"2025-10-15T09:16:41+00:00","og_image":[{"width":500,"height":600,"url":"https:\/\/annaalbert.com\/wp-content\/uploads\/2019\/02\/34-1.jpg","type":"image\/jpeg"}],"twitter_card":"summary_large_image","twitter_misc":{"Tiempo de lectura":"1 minuto"},"schema":{"@context":"https:\/\/schema.org","@graph":[{"@type":"WebPage","@id":"https:\/\/annaalbert.com\/es\/producto-es\/abanico-seda-natural-colores-trencadis\/","url":"https:\/\/annaalbert.com\/es\/producto-es\/abanico-seda-natural-colores-trencadis\/","name":"Abanico seda natural colores trencad\u00eds - Art en Seda","isPartOf":{"@id":"https:\/\/annaalbert.com\/es\/#website"},"primaryImageOfPage":{"@id":"https:\/\/annaalbert.com\/es\/producto-es\/abanico-seda-natural-colores-trencadis\/#primaryimage"},"image":{"@id":"https:\/\/annaalbert.com\/es\/producto-es\/abanico-seda-natural-colores-trencadis\/#primaryimage"},"thumbnailUrl":"https:\/\/annaalbert.com\/wp-content\/uploads\/2019\/02\/34-1.jpg","datePublished":"2019-03-21T17:48:53+00:00","dateModified":"2025-10-15T09:16:41+00:00","description":"Abanico seda natural colores trencad\u00eds. Pieza artesanal de colores tanto c\u00e1lidos como fr\u00edos que conjuntamente crean una armon\u00eda \u00fanica.","breadcrumb":{"@id":"https:\/\/annaalbert.com\/es\/producto-es\/abanico-seda-natural-colores-trencadis\/#breadcrumb"},"inLanguage":"es","potentialAction":[{"@type":"ReadAction","target":["https:\/\/annaalbert.com\/es\/producto-es\/abanico-seda-natural-colores-trencadis\/"]}]},{"@type":"ImageObject","inLanguage":"es","@id":"https:\/\/annaalbert.com\/es\/producto-es\/abanico-seda-natural-colores-trencadis\/#primaryimage","url":"https:\/\/annaalbert.com\/wp-content\/uploads\/2019\/02\/34-1.jpg","contentUrl":"https:\/\/annaalbert.com\/wp-content\/uploads\/2019\/02\/34-1.jpg","width":500,"height":600,"caption":"ventall seda natural colors trencad\u00eds"},{"@type":"BreadcrumbList","@id":"https:\/\/annaalbert.com\/es\/producto-es\/abanico-seda-natural-colores-trencadis\/#breadcrumb","itemListElement":[{"@type":"ListItem","position":1,"name":"Portada","item":"https:\/\/annaalbert.com\/es\/"},{"@type":"ListItem","position":2,"name":"Tienda","item":"https:\/\/annaalbert.com\/tienda\/"},{"@type":"ListItem","position":3,"name":"ABANICO SEDA NATURAL COLORES TRENCAD\u00cdS"}]},{"@type":"WebSite","@id":"https:\/\/annaalbert.com\/es\/#website","url":"https:\/\/annaalbert.com\/es\/","name":"Art en Seda","description":"Productos de seda pintada a mano, asi como cursos, talleres, experiencias por la artesana Anna Albert","publisher":{"@id":"https:\/\/annaalbert.com\/es\/#organization"},"potentialAction":[{"@type":"SearchAction","target":{"@type":"EntryPoint","urlTemplate":"https:\/\/annaalbert.com\/es\/?s={search_term_string}"},"query-input":{"@type":"PropertyValueSpecification","valueRequired":true,"valueName":"search_term_string"}}],"inLanguage":"es"},{"@type":"Organization","@id":"https:\/\/annaalbert.com\/es\/#organization","name":"Art en Seda by Anna Albert","url":"https:\/\/annaalbert.com\/es\/","logo":{"@type":"ImageObject","inLanguage":"es","@id":"https:\/\/annaalbert.com\/es\/#\/schema\/logo\/image\/","url":"https:\/\/annaalbert.com\/wp-content\/uploads\/2021\/01\/horitzontal_fonsblanc-scaled.jpg","contentUrl":"https:\/\/annaalbert.com\/wp-content\/uploads\/2021\/01\/horitzontal_fonsblanc-scaled.jpg","width":2560,"height":779,"caption":"Art en Seda by Anna Albert"},"image":{"@id":"https:\/\/annaalbert.com\/es\/#\/schema\/logo\/image\/"}}]}},"_links":{"self":[{"href":"https:\/\/annaalbert.com\/es\/wp-json\/wp\/v2\/product\/11461","targetHints":{"allow":["GET"]}}],"collection":[{"href":"https:\/\/annaalbert.com\/es\/wp-json\/wp\/v2\/product"}],"about":[{"href":"https:\/\/annaalbert.com\/es\/wp-json\/wp\/v2\/types\/product"}],"replies":[{"embeddable":true,"href":"https:\/\/annaalbert.com\/es\/wp-json\/wp\/v2\/comments?post=11461"}],"wp:featuredmedia":[{"embeddable":true,"href":"https:\/\/annaalbert.com\/es\/wp-json\/wp\/v2\/media\/4303"}],"wp:attachment":[{"href":"https:\/\/annaalbert.com\/es\/wp-json\/wp\/v2\/media?parent=11461"}],"wp:term":[{"taxonomy":"product_brand","embeddable":true,"href":"https:\/\/annaalbert.com\/es\/wp-json\/wp\/v2\/product_brand?post=11461"},{"taxonomy":"product_cat","embeddable":true,"href":"https:\/\/annaalbert.com\/es\/wp-json\/wp\/v2\/product_cat?post=11461"},{"taxonomy":"product_tag","embeddable":true,"href":"https:\/\/annaalbert.com\/es\/wp-json\/wp\/v2\/product_tag?post=11461"}],"curies":[{"name":"wp","href":"https:\/\/api.w.org\/{rel}","templated":true}]}}

ABANICO SEDA NATURAL COLORES TRENCADÍS

<p>Descubre la elegancia inigualable con nuestro abanico seda natural colores trencadís, de seda natural, tejido con artesanía exquisita y un trencadís de colores que cautiva miradas. Cada trozo de seda resplandece en tonalidades vibrantes, creando un juego visual hipnotizando.</p>
<p>Con una variedad de colores que se entrelazan con destreza, este abanico es más que una simple pieza, es una obra de arte funcional. Los tonos ricos de la seda natural se fusionan armoniosamente, creando un espectáculo cromático que te transporta en un mundo de refinamiento y glamur.</p>
<p>Este abanico, ligero como una pluma, te brinda una brisa suave mientras te convierte en el centro de atención. Sea en una soirée elegante o bajo la luz de la luna, tu estilo brillará con este complemento exquisito. Su estructura robusta, combinada con la delicadeza de la seda, convierte este abanico en la fusión perfecta de funcionalidad y estilo.</p>
<p>Con nuestro abanico seda natural colores trencadís, experimentarás la suavidad lujosa de la seda y la sensualidad de los colores fusionados con maestria. Eleva tu presencia con esta pieza única que refleja tu gusto sofisticado y tu pasión por la elegancia atemporal.</p>
<p>Pieza artesanal de colores tanto cálidos como fríos que conjuntamente crean una armonía única.</p>

<!-- This site is optimized with the Yoast SEO plugin v27.4 - https://yoast.com/product/yoast-seo-wordpress/ -->
<title>Abanico seda natural colores trencadís - Art en Seda</title>
<meta name="description" content="Abanico seda natural colores trencadís. Pieza artesanal de colores tanto cálidos como fríos que conjuntamente crean una armonía única." />
<meta name="robots" content="index, follow, max-snippet:-1, max-image-preview:large, max-video-preview:-1" />
<link rel="canonical" href="https://annaalbert.com/es/producto-es/abanico-seda-natural-colores-trencadis/" />
<meta property="og:locale" content="es_ES" />
<meta property="og:type" content="article" />
<meta property="og:title" content="Abanico seda natural colores trencadís - Art en Seda" />
<meta property="og:description" content="Abanico seda natural colores trencadís. Pieza artesanal de colores tanto cálidos como fríos que conjuntamente crean una armonía única." />
<meta property="og:url" content="https://annaalbert.com/es/producto-es/abanico-seda-natural-colores-trencadis/" />
<meta property="og:site_name" content="Art en Seda" />
<meta property="article:modified_time" content="2025-10-15T09:16:41+00:00" />
<meta property="og:image" content="https://annaalbert.com/wp-content/uploads/2019/02/34-1.jpg" />
	<meta property="og:image:width" content="500" />
	<meta property="og:image:height" content="600" />
	<meta property="og:image:type" content="image/jpeg" />
<meta name="twitter:card" content="summary_large_image" />
<meta name="twitter:label1" content="Tiempo de lectura" />
	<meta name="twitter:data1" content="1 minuto" />
<script type="application/ld+json" class="yoast-schema-graph">{"@context":"https:\/\/schema.org","@graph":[{"@type":"WebPage","@id":"https:\/\/annaalbert.com\/es\/producto-es\/abanico-seda-natural-colores-trencadis\/","url":"https:\/\/annaalbert.com\/es\/producto-es\/abanico-seda-natural-colores-trencadis\/","name":"Abanico seda natural colores trencadís - Art en Seda","isPartOf":{"@id":"https:\/\/annaalbert.com\/es\/#website"},"primaryImageOfPage":{"@id":"https:\/\/annaalbert.com\/es\/producto-es\/abanico-seda-natural-colores-trencadis\/#primaryimage"},"image":{"@id":"https:\/\/annaalbert.com\/es\/producto-es\/abanico-seda-natural-colores-trencadis\/#primaryimage"},"thumbnailUrl":"https:\/\/annaalbert.com\/wp-content\/uploads\/2019\/02\/34-1.jpg","datePublished":"2019-03-21T17:48:53+00:00","dateModified":"2025-10-15T09:16:41+00:00","description":"Abanico seda natural colores trencadís. Pieza artesanal de colores tanto cálidos como fríos que conjuntamente crean una armonía única.","breadcrumb":{"@id":"https:\/\/annaalbert.com\/es\/producto-es\/abanico-seda-natural-colores-trencadis\/#breadcrumb"},"inLanguage":"es","potentialAction":[{"@type":"ReadAction","target":["https:\/\/annaalbert.com\/es\/producto-es\/abanico-seda-natural-colores-trencadis\/"]}]},{"@type":"ImageObject","inLanguage":"es","@id":"https:\/\/annaalbert.com\/es\/producto-es\/abanico-seda-natural-colores-trencadis\/#primaryimage","url":"https:\/\/annaalbert.com\/wp-content\/uploads\/2019\/02\/34-1.jpg","contentUrl":"https:\/\/annaalbert.com\/wp-content\/uploads\/2019\/02\/34-1.jpg","width":500,"height":600,"caption":"ventall seda natural colors trencadís"},{"@type":"BreadcrumbList","@id":"https:\/\/annaalbert.com\/es\/producto-es\/abanico-seda-natural-colores-trencadis\/#breadcrumb","itemListElement":[{"@type":"ListItem","position":1,"name":"Portada","item":"https:\/\/annaalbert.com\/es\/"},{"@type":"ListItem","position":2,"name":"Tienda","item":"https:\/\/annaalbert.com\/tienda\/"},{"@type":"ListItem","position":3,"name":"ABANICO SEDA NATURAL COLORES TRENCADÍS"}]},{"@type":"WebSite","@id":"https:\/\/annaalbert.com\/es\/#website","url":"https:\/\/annaalbert.com\/es\/","name":"Art en Seda","description":"Productos de seda pintada a mano, asi como cursos, talleres, experiencias por la artesana Anna Albert","publisher":{"@id":"https:\/\/annaalbert.com\/es\/#organization"},"potentialAction":[{"@type":"SearchAction","target":{"@type":"EntryPoint","urlTemplate":"https:\/\/annaalbert.com\/es\/?s={search_term_string}"},"query-input":{"@type":"PropertyValueSpecification","valueRequired":true,"valueName":"search_term_string"}}],"inLanguage":"es"},{"@type":"Organization","@id":"https:\/\/annaalbert.com\/es\/#organization","name":"Art en Seda by Anna Albert","url":"https:\/\/annaalbert.com\/es\/","logo":{"@type":"ImageObject","inLanguage":"es","@id":"https:\/\/annaalbert.com\/es\/#\/schema\/logo\/image\/","url":"https:\/\/annaalbert.com\/wp-content\/uploads\/2021\/01\/horitzontal_fonsblanc-scaled.jpg","contentUrl":"https:\/\/annaalbert.com\/wp-content\/uploads\/2021\/01\/horitzontal_fonsblanc-scaled.jpg","width":2560,"height":779,"caption":"Art en Seda by Anna Albert"},"image":{"@id":"https:\/\/annaalbert.com\/es\/#\/schema\/logo\/image\/"}}]}</script>
<!-- / Yoast SEO plugin. -->

Abanico seda natural colores trencadís - Art en Seda

Abanico seda natural colores trencadís. Pieza artesanal de colores tanto cálidos como fríos que conjuntamente crean una armonía única.

ventall seda natural colors trencadís
