{"id":11366,"date":"2019-03-21T17:49:48","date_gmt":"2019-03-21T17:49:48","guid":{"rendered":"https:\/\/annaalbert.com\/producto\/flor-seda-natural-malva\/"},"modified":"2024-04-24T13:11:28","modified_gmt":"2024-04-24T13:11:28","slug":"flor-seda-natural-malvas","status":"publish","type":"product","link":"https:\/\/annaalbert.com\/es\/producto-es\/flor-seda-natural-malvas\/","title":{"rendered":"FLOR DE SEDA NATURAL MALVA"},"content":{"rendered":"<p>Descubre la elegancia y la suavidad en un \u00fanico complemento: nuestro fular de flor de seda natural malva. Un toque exquisito para tu indumentaria, esta pieza \u00fanica fusiona arte y moda con su textura sedosa y su dise\u00f1o floral excepcional.<\/p>\n<p>La flor de seda po\u00e9tica es un fular de seda de 55&#215;55 que lleva escritos varios poemas de un mismo autor. Puedes escoger uno de los tres poetas de los que tenemos los derechos de autor: Miquel Mart\u00ed i Pol, Vicen\u00e7 Llorca o Valeri\u00e0 Pujol. Si quieres saber m\u00e1s sobre la flor de seda y los poetas clica <a href=\"https:\/\/annaalbert.com\/flor-de-seda\/\">aqu\u00ed<\/a>. Tambi\u00e9n puedes leer los poemas de cada autor que escribo a la flor.<\/p>\n<p>Muy apropiado para cualquier ocasi\u00f3n y muy especialmente para regalar el d\u00eda de Sant Jordi, el d\u00eda de la madre pero tambi\u00e9n para regalos institucionales, premios literarios\u2026<\/p>\n<p>Regalas una flor, unos poemas y un pa\u00f1uelo. Tambi\u00e9n se puede enmarcar.<\/p>\n<p>Escrito en dorado.<\/p>\n<p>Si quieres que te escribimos una frase, un escrito personal, los nombres de tu familia o tu poema puedes saber m\u00e1s a <a href=\"https:\/\/annaalbert.com\/producto\/flor-de-seda-personalitzada\/\">flor de seda po\u00e9tica personalizada<\/a>.<\/p>\n<p>Puedes escoger entre 6 colores: el negro, el rojo, el burdeos, el malva, el lila y el gris.<\/p>\n<p><img fetchpriority=\"high\" fetchpriority=\"high\" decoding=\"async\" class=\"wp-image-8374 aligncenter\" src=\"https:\/\/annaalbert.com\/wp-content\/uploads\/2019\/03\/mocadors-3-1.jpg\" alt=\"\" width=\"334\" height=\"401\"><\/p>\n<p>&nbsp;<\/p>\n","protected":false},"excerpt":{"rendered":"<p>Pa\u00f1uelo de seda pong\u00e9 de color malva con poemas escritos en dorado<\/p>\n<p>Midas de 55&#215;55<\/p>\n","protected":false},"featured_media":11367,"comment_status":"closed","ping_status":"closed","template":"","meta":{"_et_pb_use_builder":"","_et_pb_old_content":"","_et_gb_content_width":""},"product_brand":[],"product_cat":[430],"product_tag":[],"class_list":{"0":"post-11366","1":"product","2":"type-product","3":"status-publish","4":"has-post-thumbnail","6":"product_cat-flores-de-seda-es","8":"first","9":"instock","10":"purchasable","11":"product-type-simple"},"yoast_head":"<!-- This site is optimized with the Yoast SEO plugin v27.4 - https:\/\/yoast.com\/product\/yoast-seo-wordpress\/ -->\n<title>Flor de seda natural malva - Art en Seda<\/title>\n<meta name=\"description\" content=\"Flor de seda natural malva. Mide 150x45. Pieza \u00fanica pintada a mano a base de manchas de colores y presentada en forma de flor.\" \/>\n<meta name=\"robots\" content=\"index, follow, max-snippet:-1, max-image-preview:large, max-video-preview:-1\" \/>\n<link rel=\"canonical\" href=\"https:\/\/annaalbert.com\/es\/producto-es\/flor-seda-natural-malvas\/\" \/>\n<meta property=\"og:locale\" content=\"es_ES\" \/>\n<meta property=\"og:type\" content=\"article\" \/>\n<meta property=\"og:title\" content=\"Flor de seda natural malva - Art en Seda\" \/>\n<meta property=\"og:description\" content=\"Flor de seda natural malva. Mide 150x45. Pieza \u00fanica pintada a mano a base de manchas de colores y presentada en forma de flor.\" \/>\n<meta property=\"og:url\" content=\"https:\/\/annaalbert.com\/es\/producto-es\/flor-seda-natural-malvas\/\" \/>\n<meta property=\"og:site_name\" content=\"Art en Seda\" \/>\n<meta property=\"article:modified_time\" content=\"2024-04-24T13:11:28+00:00\" \/>\n<meta property=\"og:image\" content=\"https:\/\/annaalbert.com\/wp-content\/uploads\/2019\/03\/malva-sola.jpg\" \/>\n\t<meta property=\"og:image:width\" content=\"800\" \/>\n\t<meta property=\"og:image:height\" content=\"960\" \/>\n\t<meta property=\"og:image:type\" content=\"image\/jpeg\" \/>\n<meta name=\"twitter:card\" content=\"summary_large_image\" \/>\n<meta name=\"twitter:label1\" content=\"Tiempo de lectura\" \/>\n\t<meta name=\"twitter:data1\" content=\"1 minuto\" \/>\n<script type=\"application\/ld+json\" class=\"yoast-schema-graph\">{\"@context\":\"https:\\\/\\\/schema.org\",\"@graph\":[{\"@type\":\"WebPage\",\"@id\":\"https:\\\/\\\/annaalbert.com\\\/es\\\/producto-es\\\/flor-seda-natural-malvas\\\/\",\"url\":\"https:\\\/\\\/annaalbert.com\\\/es\\\/producto-es\\\/flor-seda-natural-malvas\\\/\",\"name\":\"Flor de seda natural malva - Art en Seda\",\"isPartOf\":{\"@id\":\"https:\\\/\\\/annaalbert.com\\\/es\\\/#website\"},\"primaryImageOfPage\":{\"@id\":\"https:\\\/\\\/annaalbert.com\\\/es\\\/producto-es\\\/flor-seda-natural-malvas\\\/#primaryimage\"},\"image\":{\"@id\":\"https:\\\/\\\/annaalbert.com\\\/es\\\/producto-es\\\/flor-seda-natural-malvas\\\/#primaryimage\"},\"thumbnailUrl\":\"https:\\\/\\\/annaalbert.com\\\/wp-content\\\/uploads\\\/2019\\\/03\\\/malva-sola.jpg\",\"datePublished\":\"2019-03-21T17:49:48+00:00\",\"dateModified\":\"2024-04-24T13:11:28+00:00\",\"description\":\"Flor de seda natural malva. Mide 150x45. Pieza \u00fanica pintada a mano a base de manchas de colores y presentada en forma de flor.\",\"breadcrumb\":{\"@id\":\"https:\\\/\\\/annaalbert.com\\\/es\\\/producto-es\\\/flor-seda-natural-malvas\\\/#breadcrumb\"},\"inLanguage\":\"es\",\"potentialAction\":[{\"@type\":\"ReadAction\",\"target\":[\"https:\\\/\\\/annaalbert.com\\\/es\\\/producto-es\\\/flor-seda-natural-malvas\\\/\"]}]},{\"@type\":\"ImageObject\",\"inLanguage\":\"es\",\"@id\":\"https:\\\/\\\/annaalbert.com\\\/es\\\/producto-es\\\/flor-seda-natural-malvas\\\/#primaryimage\",\"url\":\"https:\\\/\\\/annaalbert.com\\\/wp-content\\\/uploads\\\/2019\\\/03\\\/malva-sola.jpg\",\"contentUrl\":\"https:\\\/\\\/annaalbert.com\\\/wp-content\\\/uploads\\\/2019\\\/03\\\/malva-sola.jpg\",\"width\":800,\"height\":960},{\"@type\":\"BreadcrumbList\",\"@id\":\"https:\\\/\\\/annaalbert.com\\\/es\\\/producto-es\\\/flor-seda-natural-malvas\\\/#breadcrumb\",\"itemListElement\":[{\"@type\":\"ListItem\",\"position\":1,\"name\":\"Portada\",\"item\":\"https:\\\/\\\/annaalbert.com\\\/es\\\/\"},{\"@type\":\"ListItem\",\"position\":2,\"name\":\"Tienda\",\"item\":\"https:\\\/\\\/annaalbert.com\\\/tienda\\\/\"},{\"@type\":\"ListItem\",\"position\":3,\"name\":\"FLOR DE SEDA NATURAL MALVA\"}]},{\"@type\":\"WebSite\",\"@id\":\"https:\\\/\\\/annaalbert.com\\\/es\\\/#website\",\"url\":\"https:\\\/\\\/annaalbert.com\\\/es\\\/\",\"name\":\"Art en Seda\",\"description\":\"Productos de seda pintada a mano, asi como cursos, talleres, experiencias por la artesana Anna Albert\",\"publisher\":{\"@id\":\"https:\\\/\\\/annaalbert.com\\\/es\\\/#organization\"},\"potentialAction\":[{\"@type\":\"SearchAction\",\"target\":{\"@type\":\"EntryPoint\",\"urlTemplate\":\"https:\\\/\\\/annaalbert.com\\\/es\\\/?s={search_term_string}\"},\"query-input\":{\"@type\":\"PropertyValueSpecification\",\"valueRequired\":true,\"valueName\":\"search_term_string\"}}],\"inLanguage\":\"es\"},{\"@type\":\"Organization\",\"@id\":\"https:\\\/\\\/annaalbert.com\\\/es\\\/#organization\",\"name\":\"Art en Seda by Anna Albert\",\"url\":\"https:\\\/\\\/annaalbert.com\\\/es\\\/\",\"logo\":{\"@type\":\"ImageObject\",\"inLanguage\":\"es\",\"@id\":\"https:\\\/\\\/annaalbert.com\\\/es\\\/#\\\/schema\\\/logo\\\/image\\\/\",\"url\":\"https:\\\/\\\/annaalbert.com\\\/wp-content\\\/uploads\\\/2021\\\/01\\\/horitzontal_fonsblanc-scaled.jpg\",\"contentUrl\":\"https:\\\/\\\/annaalbert.com\\\/wp-content\\\/uploads\\\/2021\\\/01\\\/horitzontal_fonsblanc-scaled.jpg\",\"width\":2560,\"height\":779,\"caption\":\"Art en Seda by Anna Albert\"},\"image\":{\"@id\":\"https:\\\/\\\/annaalbert.com\\\/es\\\/#\\\/schema\\\/logo\\\/image\\\/\"}}]}<\/script>\n<!-- \/ Yoast SEO plugin. -->","yoast_head_json":{"title":"Flor de seda natural malva - Art en Seda","description":"Flor de seda natural malva. Mide 150x45. Pieza \u00fanica pintada a mano a base de manchas de colores y presentada en forma de flor.","robots":{"index":"index","follow":"follow","max-snippet":"max-snippet:-1","max-image-preview":"max-image-preview:large","max-video-preview":"max-video-preview:-1"},"canonical":"https:\/\/annaalbert.com\/es\/producto-es\/flor-seda-natural-malvas\/","og_locale":"es_ES","og_type":"article","og_title":"Flor de seda natural malva - Art en Seda","og_description":"Flor de seda natural malva. Mide 150x45. Pieza \u00fanica pintada a mano a base de manchas de colores y presentada en forma de flor.","og_url":"https:\/\/annaalbert.com\/es\/producto-es\/flor-seda-natural-malvas\/","og_site_name":"Art en Seda","article_modified_time":"2024-04-24T13:11:28+00:00","og_image":[{"width":800,"height":960,"url":"https:\/\/annaalbert.com\/wp-content\/uploads\/2019\/03\/malva-sola.jpg","type":"image\/jpeg"}],"twitter_card":"summary_large_image","twitter_misc":{"Tiempo de lectura":"1 minuto"},"schema":{"@context":"https:\/\/schema.org","@graph":[{"@type":"WebPage","@id":"https:\/\/annaalbert.com\/es\/producto-es\/flor-seda-natural-malvas\/","url":"https:\/\/annaalbert.com\/es\/producto-es\/flor-seda-natural-malvas\/","name":"Flor de seda natural malva - Art en Seda","isPartOf":{"@id":"https:\/\/annaalbert.com\/es\/#website"},"primaryImageOfPage":{"@id":"https:\/\/annaalbert.com\/es\/producto-es\/flor-seda-natural-malvas\/#primaryimage"},"image":{"@id":"https:\/\/annaalbert.com\/es\/producto-es\/flor-seda-natural-malvas\/#primaryimage"},"thumbnailUrl":"https:\/\/annaalbert.com\/wp-content\/uploads\/2019\/03\/malva-sola.jpg","datePublished":"2019-03-21T17:49:48+00:00","dateModified":"2024-04-24T13:11:28+00:00","description":"Flor de seda natural malva. Mide 150x45. Pieza \u00fanica pintada a mano a base de manchas de colores y presentada en forma de flor.","breadcrumb":{"@id":"https:\/\/annaalbert.com\/es\/producto-es\/flor-seda-natural-malvas\/#breadcrumb"},"inLanguage":"es","potentialAction":[{"@type":"ReadAction","target":["https:\/\/annaalbert.com\/es\/producto-es\/flor-seda-natural-malvas\/"]}]},{"@type":"ImageObject","inLanguage":"es","@id":"https:\/\/annaalbert.com\/es\/producto-es\/flor-seda-natural-malvas\/#primaryimage","url":"https:\/\/annaalbert.com\/wp-content\/uploads\/2019\/03\/malva-sola.jpg","contentUrl":"https:\/\/annaalbert.com\/wp-content\/uploads\/2019\/03\/malva-sola.jpg","width":800,"height":960},{"@type":"BreadcrumbList","@id":"https:\/\/annaalbert.com\/es\/producto-es\/flor-seda-natural-malvas\/#breadcrumb","itemListElement":[{"@type":"ListItem","position":1,"name":"Portada","item":"https:\/\/annaalbert.com\/es\/"},{"@type":"ListItem","position":2,"name":"Tienda","item":"https:\/\/annaalbert.com\/tienda\/"},{"@type":"ListItem","position":3,"name":"FLOR DE SEDA NATURAL MALVA"}]},{"@type":"WebSite","@id":"https:\/\/annaalbert.com\/es\/#website","url":"https:\/\/annaalbert.com\/es\/","name":"Art en Seda","description":"Productos de seda pintada a mano, asi como cursos, talleres, experiencias por la artesana Anna Albert","publisher":{"@id":"https:\/\/annaalbert.com\/es\/#organization"},"potentialAction":[{"@type":"SearchAction","target":{"@type":"EntryPoint","urlTemplate":"https:\/\/annaalbert.com\/es\/?s={search_term_string}"},"query-input":{"@type":"PropertyValueSpecification","valueRequired":true,"valueName":"search_term_string"}}],"inLanguage":"es"},{"@type":"Organization","@id":"https:\/\/annaalbert.com\/es\/#organization","name":"Art en Seda by Anna Albert","url":"https:\/\/annaalbert.com\/es\/","logo":{"@type":"ImageObject","inLanguage":"es","@id":"https:\/\/annaalbert.com\/es\/#\/schema\/logo\/image\/","url":"https:\/\/annaalbert.com\/wp-content\/uploads\/2021\/01\/horitzontal_fonsblanc-scaled.jpg","contentUrl":"https:\/\/annaalbert.com\/wp-content\/uploads\/2021\/01\/horitzontal_fonsblanc-scaled.jpg","width":2560,"height":779,"caption":"Art en Seda by Anna Albert"},"image":{"@id":"https:\/\/annaalbert.com\/es\/#\/schema\/logo\/image\/"}}]}},"_links":{"self":[{"href":"https:\/\/annaalbert.com\/es\/wp-json\/wp\/v2\/product\/11366","targetHints":{"allow":["GET"]}}],"collection":[{"href":"https:\/\/annaalbert.com\/es\/wp-json\/wp\/v2\/product"}],"about":[{"href":"https:\/\/annaalbert.com\/es\/wp-json\/wp\/v2\/types\/product"}],"replies":[{"embeddable":true,"href":"https:\/\/annaalbert.com\/es\/wp-json\/wp\/v2\/comments?post=11366"}],"wp:featuredmedia":[{"embeddable":true,"href":"https:\/\/annaalbert.com\/es\/wp-json\/wp\/v2\/media\/11367"}],"wp:attachment":[{"href":"https:\/\/annaalbert.com\/es\/wp-json\/wp\/v2\/media?parent=11366"}],"wp:term":[{"taxonomy":"product_brand","embeddable":true,"href":"https:\/\/annaalbert.com\/es\/wp-json\/wp\/v2\/product_brand?post=11366"},{"taxonomy":"product_cat","embeddable":true,"href":"https:\/\/annaalbert.com\/es\/wp-json\/wp\/v2\/product_cat?post=11366"},{"taxonomy":"product_tag","embeddable":true,"href":"https:\/\/annaalbert.com\/es\/wp-json\/wp\/v2\/product_tag?post=11366"}],"curies":[{"name":"wp","href":"https:\/\/api.w.org\/{rel}","templated":true}]}}

<p>Descubre la elegancia y la suavidad en un único complemento: nuestro fular de flor de seda natural malva. Un toque exquisito para tu indumentaria, esta pieza única fusiona arte y moda con su textura sedosa y su diseño floral excepcional.</p>
<p>La flor de seda poética es un fular de seda de 55&#215;55 que lleva escritos varios poemas de un mismo autor. Puedes escoger uno de los tres poetas de los que tenemos los derechos de autor: Miquel Martí i Pol, Vicenç Llorca o Valerià Pujol. Si quieres saber más sobre la flor de seda y los poetas clica <a href="https://annaalbert.com/flor-de-seda/">aquí</a>. También puedes leer los poemas de cada autor que escribo a la flor.</p>
<p>Muy apropiado para cualquier ocasión y muy especialmente para regalar el día de Sant Jordi, el día de la madre pero también para regalos institucionales, premios literarios…</p>
<p>Regalas una flor, unos poemas y un pañuelo. También se puede enmarcar.</p>
<p>Escrito en dorado.</p>
<p>Si quieres que te escribimos una frase, un escrito personal, los nombres de tu familia o tu poema puedes saber más a <a href="https://annaalbert.com/producto/flor-de-seda-personalitzada/">flor de seda poética personalizada</a>.</p>
<p>Puedes escoger entre 6 colores: el negro, el rojo, el burdeos, el malva, el lila y el gris.</p>
<p><img fetchpriority="high" fetchpriority="high" decoding="async" class="wp-image-8374 aligncenter" src="https://annaalbert.com/wp-content/uploads/2019/03/mocadors-3-1.jpg" alt="" width="334" height="401"></p>
<p>&nbsp;</p>

<p>Pañuelo de seda pongé de color malva con poemas escritos en dorado</p>
<p>Midas de 55&#215;55</p>

<!-- This site is optimized with the Yoast SEO plugin v27.4 - https://yoast.com/product/yoast-seo-wordpress/ -->
<title>Flor de seda natural malva - Art en Seda</title>
<meta name="description" content="Flor de seda natural malva. Mide 150x45. Pieza única pintada a mano a base de manchas de colores y presentada en forma de flor." />
<meta name="robots" content="index, follow, max-snippet:-1, max-image-preview:large, max-video-preview:-1" />
<link rel="canonical" href="https://annaalbert.com/es/producto-es/flor-seda-natural-malvas/" />
<meta property="og:locale" content="es_ES" />
<meta property="og:type" content="article" />
<meta property="og:title" content="Flor de seda natural malva - Art en Seda" />
<meta property="og:description" content="Flor de seda natural malva. Mide 150x45. Pieza única pintada a mano a base de manchas de colores y presentada en forma de flor." />
<meta property="og:url" content="https://annaalbert.com/es/producto-es/flor-seda-natural-malvas/" />
<meta property="og:site_name" content="Art en Seda" />
<meta property="article:modified_time" content="2024-04-24T13:11:28+00:00" />
<meta property="og:image" content="https://annaalbert.com/wp-content/uploads/2019/03/malva-sola.jpg" />
	<meta property="og:image:width" content="800" />
	<meta property="og:image:height" content="960" />
	<meta property="og:image:type" content="image/jpeg" />
<meta name="twitter:card" content="summary_large_image" />
<meta name="twitter:label1" content="Tiempo de lectura" />
	<meta name="twitter:data1" content="1 minuto" />
<script type="application/ld+json" class="yoast-schema-graph">{"@context":"https:\/\/schema.org","@graph":[{"@type":"WebPage","@id":"https:\/\/annaalbert.com\/es\/producto-es\/flor-seda-natural-malvas\/","url":"https:\/\/annaalbert.com\/es\/producto-es\/flor-seda-natural-malvas\/","name":"Flor de seda natural malva - Art en Seda","isPartOf":{"@id":"https:\/\/annaalbert.com\/es\/#website"},"primaryImageOfPage":{"@id":"https:\/\/annaalbert.com\/es\/producto-es\/flor-seda-natural-malvas\/#primaryimage"},"image":{"@id":"https:\/\/annaalbert.com\/es\/producto-es\/flor-seda-natural-malvas\/#primaryimage"},"thumbnailUrl":"https:\/\/annaalbert.com\/wp-content\/uploads\/2019\/03\/malva-sola.jpg","datePublished":"2019-03-21T17:49:48+00:00","dateModified":"2024-04-24T13:11:28+00:00","description":"Flor de seda natural malva. Mide 150x45. Pieza única pintada a mano a base de manchas de colores y presentada en forma de flor.","breadcrumb":{"@id":"https:\/\/annaalbert.com\/es\/producto-es\/flor-seda-natural-malvas\/#breadcrumb"},"inLanguage":"es","potentialAction":[{"@type":"ReadAction","target":["https:\/\/annaalbert.com\/es\/producto-es\/flor-seda-natural-malvas\/"]}]},{"@type":"ImageObject","inLanguage":"es","@id":"https:\/\/annaalbert.com\/es\/producto-es\/flor-seda-natural-malvas\/#primaryimage","url":"https:\/\/annaalbert.com\/wp-content\/uploads\/2019\/03\/malva-sola.jpg","contentUrl":"https:\/\/annaalbert.com\/wp-content\/uploads\/2019\/03\/malva-sola.jpg","width":800,"height":960},{"@type":"BreadcrumbList","@id":"https:\/\/annaalbert.com\/es\/producto-es\/flor-seda-natural-malvas\/#breadcrumb","itemListElement":[{"@type":"ListItem","position":1,"name":"Portada","item":"https:\/\/annaalbert.com\/es\/"},{"@type":"ListItem","position":2,"name":"Tienda","item":"https:\/\/annaalbert.com\/tienda\/"},{"@type":"ListItem","position":3,"name":"FLOR DE SEDA NATURAL MALVA"}]},{"@type":"WebSite","@id":"https:\/\/annaalbert.com\/es\/#website","url":"https:\/\/annaalbert.com\/es\/","name":"Art en Seda","description":"Productos de seda pintada a mano, asi como cursos, talleres, experiencias por la artesana Anna Albert","publisher":{"@id":"https:\/\/annaalbert.com\/es\/#organization"},"potentialAction":[{"@type":"SearchAction","target":{"@type":"EntryPoint","urlTemplate":"https:\/\/annaalbert.com\/es\/?s={search_term_string}"},"query-input":{"@type":"PropertyValueSpecification","valueRequired":true,"valueName":"search_term_string"}}],"inLanguage":"es"},{"@type":"Organization","@id":"https:\/\/annaalbert.com\/es\/#organization","name":"Art en Seda by Anna Albert","url":"https:\/\/annaalbert.com\/es\/","logo":{"@type":"ImageObject","inLanguage":"es","@id":"https:\/\/annaalbert.com\/es\/#\/schema\/logo\/image\/","url":"https:\/\/annaalbert.com\/wp-content\/uploads\/2021\/01\/horitzontal_fonsblanc-scaled.jpg","contentUrl":"https:\/\/annaalbert.com\/wp-content\/uploads\/2021\/01\/horitzontal_fonsblanc-scaled.jpg","width":2560,"height":779,"caption":"Art en Seda by Anna Albert"},"image":{"@id":"https:\/\/annaalbert.com\/es\/#\/schema\/logo\/image\/"}}]}</script>
<!-- / Yoast SEO plugin. -->

Flor de seda natural malva. Mide 150x45. Pieza única pintada a mano a base de manchas de colores y presentada en forma de flor.
