{"id":11180,"date":"2019-03-21T17:51:37","date_gmt":"2019-03-21T17:51:37","guid":{"rendered":"https:\/\/annaalbert.com\/producto\/fular-seda-natural-verde\/"},"modified":"2024-04-03T10:32:08","modified_gmt":"2024-04-03T10:32:08","slug":"fular-seda-natural-verde","status":"publish","type":"product","link":"https:\/\/annaalbert.com\/es\/producto-es\/fular-seda-natural-verde\/","title":{"rendered":"PA\u00d1UELO DE SEDA NATURAL VERDE"},"content":{"rendered":"<p><strong>Pa\u00f1uelo de seda natural verde<\/strong> de medida muy generosa, ideal como complemento por un traje de fiesta o c\u00f3ctel. Este pa\u00f1uelo tambi\u00e9n complementa perfectamente tu outfit casual wear.<\/p>\n<p><strong>La seda muselina o gasa chiffon es una seda dulce, vaporosa y transparente, una caricia que envuelve el cuerpo y el alma. Refrescante en las noches de verano y c\u00e1lida en las \u00e9pocas m\u00e1s fr\u00edas.<\/strong><\/p>\n<p>El color verde turquesa o esmeralda es un color que nos evoca en el mar paradis\u00edaco, a aguas c\u00e1lidas y transparentes y da sensaci\u00f3n de profundidad. Su tono pastel todav\u00eda refuerza m\u00e1s esta asociaci\u00f3n y nos aporta paz y tranquilidad.<\/p>\n<p>Las flores est\u00e1n engamadas con el fondo y en el centro he puesto un verde m\u00e1s oscuro para jugar con el contraste.<\/p>\n<p><strong>Me encanta pintar flores y este dise\u00f1o concretamente es un cl\u00e1sico en mi trayectoria creativa.<\/strong><\/p>\n<p>Es m\u00e1s, artistas de todas las \u00e9pocas se han expresado a trav\u00e9s de las flores. En Barcelona solo hay que pasear y dejarse admirar por la arquitectura modernista disfrutando de infinidad de motivos florales tanto habituales en la obra de Gaud\u00ed, que recubren fachadas, mosaicos, pinturas y vitrales.<\/p>\n<p><strong>Estamos rodeados de flores tanto en el arte, en los tejidos, en la decoraci\u00f3n y es que las flores, son la alegr\u00eda de la natura.<\/strong><\/p>\n<p>Adem\u00e1s, con el abanico de conjunto, el <a href=\"https:\/\/annaalbert.com\/producto\/ventall-seda-natural-flors-verdes\/\">ABANICO ESMERALDA FLOWERS<\/a>, este pa\u00f1uelo de seda natural verde queda espectacular.<\/p>\n","protected":false},"excerpt":{"rendered":"<p>Fular de seda muselina de color esmeralda pastel y flores engamadas con el fondo.<\/p>\n<p>Medidas 180&#215;55.<\/p>\n","protected":false},"featured_media":4651,"comment_status":"closed","ping_status":"closed","template":"","meta":{"_et_pb_use_builder":"","_et_pb_old_content":"","_et_gb_content_width":""},"product_brand":[],"product_cat":[174],"product_tag":[],"class_list":{"0":"post-11180","1":"product","2":"type-product","3":"status-publish","4":"has-post-thumbnail","6":"product_cat-fulards","8":"first","9":"outofstock","10":"purchasable","11":"product-type-simple"},"yoast_head":"<!-- This site is optimized with the Yoast SEO plugin v27.4 - https:\/\/yoast.com\/product\/yoast-seo-wordpress\/ -->\n<title>Pa\u00f1uelo de seda natural verde - Art en Seda<\/title>\n<meta name=\"description\" content=\"Pa\u00f1uelo de seda natural verde ideal como complemento por un traje de fiesta o c\u00f3ctel, pero que tambi\u00e9n complementa perfectamente tu outfit casual wear.\" \/>\n<meta name=\"robots\" content=\"index, follow, max-snippet:-1, max-image-preview:large, max-video-preview:-1\" \/>\n<link rel=\"canonical\" href=\"https:\/\/annaalbert.com\/es\/producto-es\/fular-seda-natural-verde\/\" \/>\n<meta property=\"og:locale\" content=\"es_ES\" \/>\n<meta property=\"og:type\" content=\"article\" \/>\n<meta property=\"og:title\" content=\"Pa\u00f1uelo de seda natural verde - Art en Seda\" \/>\n<meta property=\"og:description\" content=\"Pa\u00f1uelo de seda natural verde ideal como complemento por un traje de fiesta o c\u00f3ctel, pero que tambi\u00e9n complementa perfectamente tu outfit casual wear.\" \/>\n<meta property=\"og:url\" content=\"https:\/\/annaalbert.com\/es\/producto-es\/fular-seda-natural-verde\/\" \/>\n<meta property=\"og:site_name\" content=\"Art en Seda\" \/>\n<meta property=\"article:modified_time\" content=\"2024-04-03T10:32:08+00:00\" \/>\n<meta property=\"og:image\" content=\"https:\/\/annaalbert.com\/wp-content\/uploads\/2019\/02\/93.jpg\" \/>\n\t<meta property=\"og:image:width\" content=\"800\" \/>\n\t<meta property=\"og:image:height\" content=\"960\" \/>\n\t<meta property=\"og:image:type\" content=\"image\/jpeg\" \/>\n<meta name=\"twitter:card\" content=\"summary_large_image\" \/>\n<meta name=\"twitter:label1\" content=\"Tiempo de lectura\" \/>\n\t<meta name=\"twitter:data1\" content=\"1 minuto\" \/>\n<script type=\"application\/ld+json\" class=\"yoast-schema-graph\">{\"@context\":\"https:\\\/\\\/schema.org\",\"@graph\":[{\"@type\":\"WebPage\",\"@id\":\"https:\\\/\\\/annaalbert.com\\\/es\\\/producto-es\\\/fular-seda-natural-verde\\\/\",\"url\":\"https:\\\/\\\/annaalbert.com\\\/es\\\/producto-es\\\/fular-seda-natural-verde\\\/\",\"name\":\"Pa\u00f1uelo de seda natural verde - Art en Seda\",\"isPartOf\":{\"@id\":\"https:\\\/\\\/annaalbert.com\\\/es\\\/#website\"},\"primaryImageOfPage\":{\"@id\":\"https:\\\/\\\/annaalbert.com\\\/es\\\/producto-es\\\/fular-seda-natural-verde\\\/#primaryimage\"},\"image\":{\"@id\":\"https:\\\/\\\/annaalbert.com\\\/es\\\/producto-es\\\/fular-seda-natural-verde\\\/#primaryimage\"},\"thumbnailUrl\":\"https:\\\/\\\/annaalbert.com\\\/wp-content\\\/uploads\\\/2019\\\/02\\\/93.jpg\",\"datePublished\":\"2019-03-21T17:51:37+00:00\",\"dateModified\":\"2024-04-03T10:32:08+00:00\",\"description\":\"Pa\u00f1uelo de seda natural verde ideal como complemento por un traje de fiesta o c\u00f3ctel, pero que tambi\u00e9n complementa perfectamente tu outfit casual wear.\",\"breadcrumb\":{\"@id\":\"https:\\\/\\\/annaalbert.com\\\/es\\\/producto-es\\\/fular-seda-natural-verde\\\/#breadcrumb\"},\"inLanguage\":\"es\",\"potentialAction\":[{\"@type\":\"ReadAction\",\"target\":[\"https:\\\/\\\/annaalbert.com\\\/es\\\/producto-es\\\/fular-seda-natural-verde\\\/\"]}]},{\"@type\":\"ImageObject\",\"inLanguage\":\"es\",\"@id\":\"https:\\\/\\\/annaalbert.com\\\/es\\\/producto-es\\\/fular-seda-natural-verde\\\/#primaryimage\",\"url\":\"https:\\\/\\\/annaalbert.com\\\/wp-content\\\/uploads\\\/2019\\\/02\\\/93.jpg\",\"contentUrl\":\"https:\\\/\\\/annaalbert.com\\\/wp-content\\\/uploads\\\/2019\\\/02\\\/93.jpg\",\"width\":800,\"height\":960,\"caption\":\"fulard seda natural verd\"},{\"@type\":\"BreadcrumbList\",\"@id\":\"https:\\\/\\\/annaalbert.com\\\/es\\\/producto-es\\\/fular-seda-natural-verde\\\/#breadcrumb\",\"itemListElement\":[{\"@type\":\"ListItem\",\"position\":1,\"name\":\"Portada\",\"item\":\"https:\\\/\\\/annaalbert.com\\\/es\\\/\"},{\"@type\":\"ListItem\",\"position\":2,\"name\":\"Tienda\",\"item\":\"https:\\\/\\\/annaalbert.com\\\/tienda\\\/\"},{\"@type\":\"ListItem\",\"position\":3,\"name\":\"PA\u00d1UELO DE SEDA NATURAL VERDE\"}]},{\"@type\":\"WebSite\",\"@id\":\"https:\\\/\\\/annaalbert.com\\\/es\\\/#website\",\"url\":\"https:\\\/\\\/annaalbert.com\\\/es\\\/\",\"name\":\"Art en Seda\",\"description\":\"Productos de seda pintada a mano, asi como cursos, talleres, experiencias por la artesana Anna Albert\",\"publisher\":{\"@id\":\"https:\\\/\\\/annaalbert.com\\\/es\\\/#organization\"},\"potentialAction\":[{\"@type\":\"SearchAction\",\"target\":{\"@type\":\"EntryPoint\",\"urlTemplate\":\"https:\\\/\\\/annaalbert.com\\\/es\\\/?s={search_term_string}\"},\"query-input\":{\"@type\":\"PropertyValueSpecification\",\"valueRequired\":true,\"valueName\":\"search_term_string\"}}],\"inLanguage\":\"es\"},{\"@type\":\"Organization\",\"@id\":\"https:\\\/\\\/annaalbert.com\\\/es\\\/#organization\",\"name\":\"Art en Seda by Anna Albert\",\"url\":\"https:\\\/\\\/annaalbert.com\\\/es\\\/\",\"logo\":{\"@type\":\"ImageObject\",\"inLanguage\":\"es\",\"@id\":\"https:\\\/\\\/annaalbert.com\\\/es\\\/#\\\/schema\\\/logo\\\/image\\\/\",\"url\":\"https:\\\/\\\/annaalbert.com\\\/wp-content\\\/uploads\\\/2021\\\/01\\\/horitzontal_fonsblanc-scaled.jpg\",\"contentUrl\":\"https:\\\/\\\/annaalbert.com\\\/wp-content\\\/uploads\\\/2021\\\/01\\\/horitzontal_fonsblanc-scaled.jpg\",\"width\":2560,\"height\":779,\"caption\":\"Art en Seda by Anna Albert\"},\"image\":{\"@id\":\"https:\\\/\\\/annaalbert.com\\\/es\\\/#\\\/schema\\\/logo\\\/image\\\/\"}}]}<\/script>\n<!-- \/ Yoast SEO plugin. -->","yoast_head_json":{"title":"Pa\u00f1uelo de seda natural verde - Art en Seda","description":"Pa\u00f1uelo de seda natural verde ideal como complemento por un traje de fiesta o c\u00f3ctel, pero que tambi\u00e9n complementa perfectamente tu outfit casual wear.","robots":{"index":"index","follow":"follow","max-snippet":"max-snippet:-1","max-image-preview":"max-image-preview:large","max-video-preview":"max-video-preview:-1"},"canonical":"https:\/\/annaalbert.com\/es\/producto-es\/fular-seda-natural-verde\/","og_locale":"es_ES","og_type":"article","og_title":"Pa\u00f1uelo de seda natural verde - Art en Seda","og_description":"Pa\u00f1uelo de seda natural verde ideal como complemento por un traje de fiesta o c\u00f3ctel, pero que tambi\u00e9n complementa perfectamente tu outfit casual wear.","og_url":"https:\/\/annaalbert.com\/es\/producto-es\/fular-seda-natural-verde\/","og_site_name":"Art en Seda","article_modified_time":"2024-04-03T10:32:08+00:00","og_image":[{"width":800,"height":960,"url":"https:\/\/annaalbert.com\/wp-content\/uploads\/2019\/02\/93.jpg","type":"image\/jpeg"}],"twitter_card":"summary_large_image","twitter_misc":{"Tiempo de lectura":"1 minuto"},"schema":{"@context":"https:\/\/schema.org","@graph":[{"@type":"WebPage","@id":"https:\/\/annaalbert.com\/es\/producto-es\/fular-seda-natural-verde\/","url":"https:\/\/annaalbert.com\/es\/producto-es\/fular-seda-natural-verde\/","name":"Pa\u00f1uelo de seda natural verde - Art en Seda","isPartOf":{"@id":"https:\/\/annaalbert.com\/es\/#website"},"primaryImageOfPage":{"@id":"https:\/\/annaalbert.com\/es\/producto-es\/fular-seda-natural-verde\/#primaryimage"},"image":{"@id":"https:\/\/annaalbert.com\/es\/producto-es\/fular-seda-natural-verde\/#primaryimage"},"thumbnailUrl":"https:\/\/annaalbert.com\/wp-content\/uploads\/2019\/02\/93.jpg","datePublished":"2019-03-21T17:51:37+00:00","dateModified":"2024-04-03T10:32:08+00:00","description":"Pa\u00f1uelo de seda natural verde ideal como complemento por un traje de fiesta o c\u00f3ctel, pero que tambi\u00e9n complementa perfectamente tu outfit casual wear.","breadcrumb":{"@id":"https:\/\/annaalbert.com\/es\/producto-es\/fular-seda-natural-verde\/#breadcrumb"},"inLanguage":"es","potentialAction":[{"@type":"ReadAction","target":["https:\/\/annaalbert.com\/es\/producto-es\/fular-seda-natural-verde\/"]}]},{"@type":"ImageObject","inLanguage":"es","@id":"https:\/\/annaalbert.com\/es\/producto-es\/fular-seda-natural-verde\/#primaryimage","url":"https:\/\/annaalbert.com\/wp-content\/uploads\/2019\/02\/93.jpg","contentUrl":"https:\/\/annaalbert.com\/wp-content\/uploads\/2019\/02\/93.jpg","width":800,"height":960,"caption":"fulard seda natural verd"},{"@type":"BreadcrumbList","@id":"https:\/\/annaalbert.com\/es\/producto-es\/fular-seda-natural-verde\/#breadcrumb","itemListElement":[{"@type":"ListItem","position":1,"name":"Portada","item":"https:\/\/annaalbert.com\/es\/"},{"@type":"ListItem","position":2,"name":"Tienda","item":"https:\/\/annaalbert.com\/tienda\/"},{"@type":"ListItem","position":3,"name":"PA\u00d1UELO DE SEDA NATURAL VERDE"}]},{"@type":"WebSite","@id":"https:\/\/annaalbert.com\/es\/#website","url":"https:\/\/annaalbert.com\/es\/","name":"Art en Seda","description":"Productos de seda pintada a mano, asi como cursos, talleres, experiencias por la artesana Anna Albert","publisher":{"@id":"https:\/\/annaalbert.com\/es\/#organization"},"potentialAction":[{"@type":"SearchAction","target":{"@type":"EntryPoint","urlTemplate":"https:\/\/annaalbert.com\/es\/?s={search_term_string}"},"query-input":{"@type":"PropertyValueSpecification","valueRequired":true,"valueName":"search_term_string"}}],"inLanguage":"es"},{"@type":"Organization","@id":"https:\/\/annaalbert.com\/es\/#organization","name":"Art en Seda by Anna Albert","url":"https:\/\/annaalbert.com\/es\/","logo":{"@type":"ImageObject","inLanguage":"es","@id":"https:\/\/annaalbert.com\/es\/#\/schema\/logo\/image\/","url":"https:\/\/annaalbert.com\/wp-content\/uploads\/2021\/01\/horitzontal_fonsblanc-scaled.jpg","contentUrl":"https:\/\/annaalbert.com\/wp-content\/uploads\/2021\/01\/horitzontal_fonsblanc-scaled.jpg","width":2560,"height":779,"caption":"Art en Seda by Anna Albert"},"image":{"@id":"https:\/\/annaalbert.com\/es\/#\/schema\/logo\/image\/"}}]}},"_links":{"self":[{"href":"https:\/\/annaalbert.com\/es\/wp-json\/wp\/v2\/product\/11180","targetHints":{"allow":["GET"]}}],"collection":[{"href":"https:\/\/annaalbert.com\/es\/wp-json\/wp\/v2\/product"}],"about":[{"href":"https:\/\/annaalbert.com\/es\/wp-json\/wp\/v2\/types\/product"}],"replies":[{"embeddable":true,"href":"https:\/\/annaalbert.com\/es\/wp-json\/wp\/v2\/comments?post=11180"}],"wp:featuredmedia":[{"embeddable":true,"href":"https:\/\/annaalbert.com\/es\/wp-json\/wp\/v2\/media\/4651"}],"wp:attachment":[{"href":"https:\/\/annaalbert.com\/es\/wp-json\/wp\/v2\/media?parent=11180"}],"wp:term":[{"taxonomy":"product_brand","embeddable":true,"href":"https:\/\/annaalbert.com\/es\/wp-json\/wp\/v2\/product_brand?post=11180"},{"taxonomy":"product_cat","embeddable":true,"href":"https:\/\/annaalbert.com\/es\/wp-json\/wp\/v2\/product_cat?post=11180"},{"taxonomy":"product_tag","embeddable":true,"href":"https:\/\/annaalbert.com\/es\/wp-json\/wp\/v2\/product_tag?post=11180"}],"curies":[{"name":"wp","href":"https:\/\/api.w.org\/{rel}","templated":true}]}}

PAÑUELO DE SEDA NATURAL VERDE

<p><strong>Pañuelo de seda natural verde</strong> de medida muy generosa, ideal como complemento por un traje de fiesta o cóctel. Este pañuelo también complementa perfectamente tu outfit casual wear.</p>
<p><strong>La seda muselina o gasa chiffon es una seda dulce, vaporosa y transparente, una caricia que envuelve el cuerpo y el alma. Refrescante en las noches de verano y cálida en las épocas más frías.</strong></p>
<p>El color verde turquesa o esmeralda es un color que nos evoca en el mar paradisíaco, a aguas cálidas y transparentes y da sensación de profundidad. Su tono pastel todavía refuerza más esta asociación y nos aporta paz y tranquilidad.</p>
<p>Las flores están engamadas con el fondo y en el centro he puesto un verde más oscuro para jugar con el contraste.</p>
<p><strong>Me encanta pintar flores y este diseño concretamente es un clásico en mi trayectoria creativa.</strong></p>
<p>Es más, artistas de todas las épocas se han expresado a través de las flores. En Barcelona solo hay que pasear y dejarse admirar por la arquitectura modernista disfrutando de infinidad de motivos florales tanto habituales en la obra de Gaudí, que recubren fachadas, mosaicos, pinturas y vitrales.</p>
<p><strong>Estamos rodeados de flores tanto en el arte, en los tejidos, en la decoración y es que las flores, son la alegría de la natura.</strong></p>
<p>Además, con el abanico de conjunto, el <a href="https://annaalbert.com/producto/ventall-seda-natural-flors-verdes/">ABANICO ESMERALDA FLOWERS</a>, este pañuelo de seda natural verde queda espectacular.</p>

<!-- This site is optimized with the Yoast SEO plugin v27.4 - https://yoast.com/product/yoast-seo-wordpress/ -->
<title>Pañuelo de seda natural verde - Art en Seda</title>
<meta name="description" content="Pañuelo de seda natural verde ideal como complemento por un traje de fiesta o cóctel, pero que también complementa perfectamente tu outfit casual wear." />
<meta name="robots" content="index, follow, max-snippet:-1, max-image-preview:large, max-video-preview:-1" />
<link rel="canonical" href="https://annaalbert.com/es/producto-es/fular-seda-natural-verde/" />
<meta property="og:locale" content="es_ES" />
<meta property="og:type" content="article" />
<meta property="og:title" content="Pañuelo de seda natural verde - Art en Seda" />
<meta property="og:description" content="Pañuelo de seda natural verde ideal como complemento por un traje de fiesta o cóctel, pero que también complementa perfectamente tu outfit casual wear." />
<meta property="og:url" content="https://annaalbert.com/es/producto-es/fular-seda-natural-verde/" />
<meta property="og:site_name" content="Art en Seda" />
<meta property="article:modified_time" content="2024-04-03T10:32:08+00:00" />
<meta property="og:image" content="https://annaalbert.com/wp-content/uploads/2019/02/93.jpg" />
	<meta property="og:image:width" content="800" />
	<meta property="og:image:height" content="960" />
	<meta property="og:image:type" content="image/jpeg" />
<meta name="twitter:card" content="summary_large_image" />
<meta name="twitter:label1" content="Tiempo de lectura" />
	<meta name="twitter:data1" content="1 minuto" />
<script type="application/ld+json" class="yoast-schema-graph">{"@context":"https:\/\/schema.org","@graph":[{"@type":"WebPage","@id":"https:\/\/annaalbert.com\/es\/producto-es\/fular-seda-natural-verde\/","url":"https:\/\/annaalbert.com\/es\/producto-es\/fular-seda-natural-verde\/","name":"Pañuelo de seda natural verde - Art en Seda","isPartOf":{"@id":"https:\/\/annaalbert.com\/es\/#website"},"primaryImageOfPage":{"@id":"https:\/\/annaalbert.com\/es\/producto-es\/fular-seda-natural-verde\/#primaryimage"},"image":{"@id":"https:\/\/annaalbert.com\/es\/producto-es\/fular-seda-natural-verde\/#primaryimage"},"thumbnailUrl":"https:\/\/annaalbert.com\/wp-content\/uploads\/2019\/02\/93.jpg","datePublished":"2019-03-21T17:51:37+00:00","dateModified":"2024-04-03T10:32:08+00:00","description":"Pañuelo de seda natural verde ideal como complemento por un traje de fiesta o cóctel, pero que también complementa perfectamente tu outfit casual wear.","breadcrumb":{"@id":"https:\/\/annaalbert.com\/es\/producto-es\/fular-seda-natural-verde\/#breadcrumb"},"inLanguage":"es","potentialAction":[{"@type":"ReadAction","target":["https:\/\/annaalbert.com\/es\/producto-es\/fular-seda-natural-verde\/"]}]},{"@type":"ImageObject","inLanguage":"es","@id":"https:\/\/annaalbert.com\/es\/producto-es\/fular-seda-natural-verde\/#primaryimage","url":"https:\/\/annaalbert.com\/wp-content\/uploads\/2019\/02\/93.jpg","contentUrl":"https:\/\/annaalbert.com\/wp-content\/uploads\/2019\/02\/93.jpg","width":800,"height":960,"caption":"fulard seda natural verd"},{"@type":"BreadcrumbList","@id":"https:\/\/annaalbert.com\/es\/producto-es\/fular-seda-natural-verde\/#breadcrumb","itemListElement":[{"@type":"ListItem","position":1,"name":"Portada","item":"https:\/\/annaalbert.com\/es\/"},{"@type":"ListItem","position":2,"name":"Tienda","item":"https:\/\/annaalbert.com\/tienda\/"},{"@type":"ListItem","position":3,"name":"PAÑUELO DE SEDA NATURAL VERDE"}]},{"@type":"WebSite","@id":"https:\/\/annaalbert.com\/es\/#website","url":"https:\/\/annaalbert.com\/es\/","name":"Art en Seda","description":"Productos de seda pintada a mano, asi como cursos, talleres, experiencias por la artesana Anna Albert","publisher":{"@id":"https:\/\/annaalbert.com\/es\/#organization"},"potentialAction":[{"@type":"SearchAction","target":{"@type":"EntryPoint","urlTemplate":"https:\/\/annaalbert.com\/es\/?s={search_term_string}"},"query-input":{"@type":"PropertyValueSpecification","valueRequired":true,"valueName":"search_term_string"}}],"inLanguage":"es"},{"@type":"Organization","@id":"https:\/\/annaalbert.com\/es\/#organization","name":"Art en Seda by Anna Albert","url":"https:\/\/annaalbert.com\/es\/","logo":{"@type":"ImageObject","inLanguage":"es","@id":"https:\/\/annaalbert.com\/es\/#\/schema\/logo\/image\/","url":"https:\/\/annaalbert.com\/wp-content\/uploads\/2021\/01\/horitzontal_fonsblanc-scaled.jpg","contentUrl":"https:\/\/annaalbert.com\/wp-content\/uploads\/2021\/01\/horitzontal_fonsblanc-scaled.jpg","width":2560,"height":779,"caption":"Art en Seda by Anna Albert"},"image":{"@id":"https:\/\/annaalbert.com\/es\/#\/schema\/logo\/image\/"}}]}</script>
<!-- / Yoast SEO plugin. -->

Pañuelo de seda natural verde - Art en Seda

Pañuelo de seda natural verde ideal como complemento por un traje de fiesta o cóctel, pero que también complementa perfectamente tu outfit casual wear.
