{"id":11162,"date":"2019-03-21T17:51:37","date_gmt":"2019-03-21T17:51:37","guid":{"rendered":"https:\/\/annaalbert.com\/producto\/fular-seda-natural-abstracto\/"},"modified":"2025-10-17T13:07:59","modified_gmt":"2025-10-17T13:07:59","slug":"fular-seda-natural-abstracto","status":"publish","type":"product","link":"https:\/\/annaalbert.com\/es\/producto-es\/fular-seda-natural-abstracto\/","title":{"rendered":"PA\u00d1UELO DE SEDA NATURAL ABSTRACTO"},"content":{"rendered":"<p style=\"text-align: justify;\">Este pa\u00f1uelo de seda natural abstracto tiene una medida que permite llevarlo de muchas maneras.<\/p>\n<p style=\"text-align: justify;\"><strong>Es un modelo extremado por la fuerza y los colores que despliega. Todo pincelado a mano a base de espesantes y colores.<\/strong><\/p>\n<p style=\"text-align: justify;\">Lo he realizado con seda crep porque tiene mucho de cuerpo y los colores se hacen muy explosivos. El dise\u00f1o abstracto de este fular te transporta en un mundo de libertad art\u00edstica. Las formas sugerentes y la paleta de colores viva invitan a la imaginaci\u00f3n y la creatividad. De hecho, su versatilidad te permite combinarlo con una amplia gama de vestuario.<\/p>\n<p style=\"text-align: justify;\">Inspirado en un mundo de fantas\u00eda, casi bien on\u00edrico, donde los colores te balancean y te transportan al para\u00edso. \u00bfQu\u00e9 har\u00edamos en un mundo sin colores? Sin color no hay alegr\u00eda.<\/p>\n<p style=\"text-align: justify;\"><strong>Pensado para una mujer atrevida y amante del color. <\/strong>Porque sea que quieres destacar tu elegancia o simplemente a\u00f1adir un toque de color en tu d\u00eda a d\u00eda, nuestro pa\u00f1uelo de seda natural abstracto es la elecci\u00f3n perfecta. Deja que esta obra de arte te acompa\u00f1e y te permita expresar tu individualidad y estilo \u00fanico en cada movimiento y en cada ocasi\u00f3n. Este fular no solo es un complemento de moda, sino una expresi\u00f3n de tu aut\u00e9ntica esencia.<\/p>\n<p style=\"text-align: justify;\">Es m\u00e1s, este pa\u00f1uelo conjunta con el <a href=\"https:\/\/annaalbert.com\/producto\/ventall-seda-natural-abstracte\/\">ABANICO ABSTRACTO<\/a><\/p>\n","protected":false},"excerpt":{"rendered":"<p><strong>Fular de seda cr\u00eape abstracto.<\/strong><\/p>\n<p> Medidas de 180&#215;45.<\/p>\n","protected":false},"featured_media":12411,"comment_status":"closed","ping_status":"closed","template":"","meta":{"_et_pb_use_builder":"","_et_pb_old_content":"","_et_gb_content_width":""},"product_brand":[],"product_cat":[174],"product_tag":[],"class_list":{"0":"post-11162","1":"product","2":"type-product","3":"status-publish","4":"has-post-thumbnail","6":"product_cat-fulards","8":"first","9":"instock","10":"purchasable","11":"product-type-simple"},"yoast_head":"<!-- This site is optimized with the Yoast SEO plugin v27.4 - https:\/\/yoast.com\/product\/yoast-seo-wordpress\/ -->\n<title>Pa\u00f1uelo de seda natural abstracto - Art en Seda<\/title>\n<meta name=\"description\" content=\"Pensado para una mujer atrevida y amante del color, este pa\u00f1uelo de seda natural abstracto est\u00e1 inspirado en un mundo de fantas\u00eda, casi bien on\u00edrico.\" \/>\n<meta name=\"robots\" content=\"index, follow, max-snippet:-1, max-image-preview:large, max-video-preview:-1\" \/>\n<link rel=\"canonical\" href=\"https:\/\/annaalbert.com\/es\/producto-es\/fular-seda-natural-abstracto\/\" \/>\n<meta property=\"og:locale\" content=\"es_ES\" \/>\n<meta property=\"og:type\" content=\"article\" \/>\n<meta property=\"og:title\" content=\"Pa\u00f1uelo de seda natural abstracto - Art en Seda\" \/>\n<meta property=\"og:description\" content=\"Pensado para una mujer atrevida y amante del color, este pa\u00f1uelo de seda natural abstracto est\u00e1 inspirado en un mundo de fantas\u00eda, casi bien on\u00edrico.\" \/>\n<meta property=\"og:url\" content=\"https:\/\/annaalbert.com\/es\/producto-es\/fular-seda-natural-abstracto\/\" \/>\n<meta property=\"og:site_name\" content=\"Art en Seda\" \/>\n<meta property=\"article:modified_time\" content=\"2025-10-17T13:07:59+00:00\" \/>\n<meta property=\"og:image\" content=\"https:\/\/annaalbert.com\/wp-content\/uploads\/2019\/03\/FOTO-1-1-1.jpg\" \/>\n\t<meta property=\"og:image:width\" content=\"800\" \/>\n\t<meta property=\"og:image:height\" content=\"960\" \/>\n\t<meta property=\"og:image:type\" content=\"image\/jpeg\" \/>\n<meta name=\"twitter:card\" content=\"summary_large_image\" \/>\n<meta name=\"twitter:label1\" content=\"Tiempo de lectura\" \/>\n\t<meta name=\"twitter:data1\" content=\"1 minuto\" \/>\n<script type=\"application\/ld+json\" class=\"yoast-schema-graph\">{\"@context\":\"https:\\\/\\\/schema.org\",\"@graph\":[{\"@type\":\"WebPage\",\"@id\":\"https:\\\/\\\/annaalbert.com\\\/es\\\/producto-es\\\/fular-seda-natural-abstracto\\\/\",\"url\":\"https:\\\/\\\/annaalbert.com\\\/es\\\/producto-es\\\/fular-seda-natural-abstracto\\\/\",\"name\":\"Pa\u00f1uelo de seda natural abstracto - Art en Seda\",\"isPartOf\":{\"@id\":\"https:\\\/\\\/annaalbert.com\\\/es\\\/#website\"},\"primaryImageOfPage\":{\"@id\":\"https:\\\/\\\/annaalbert.com\\\/es\\\/producto-es\\\/fular-seda-natural-abstracto\\\/#primaryimage\"},\"image\":{\"@id\":\"https:\\\/\\\/annaalbert.com\\\/es\\\/producto-es\\\/fular-seda-natural-abstracto\\\/#primaryimage\"},\"thumbnailUrl\":\"https:\\\/\\\/annaalbert.com\\\/wp-content\\\/uploads\\\/2019\\\/03\\\/FOTO-1-1-1.jpg\",\"datePublished\":\"2019-03-21T17:51:37+00:00\",\"dateModified\":\"2025-10-17T13:07:59+00:00\",\"description\":\"Pensado para una mujer atrevida y amante del color, este pa\u00f1uelo de seda natural abstracto est\u00e1 inspirado en un mundo de fantas\u00eda, casi bien on\u00edrico.\",\"breadcrumb\":{\"@id\":\"https:\\\/\\\/annaalbert.com\\\/es\\\/producto-es\\\/fular-seda-natural-abstracto\\\/#breadcrumb\"},\"inLanguage\":\"es\",\"potentialAction\":[{\"@type\":\"ReadAction\",\"target\":[\"https:\\\/\\\/annaalbert.com\\\/es\\\/producto-es\\\/fular-seda-natural-abstracto\\\/\"]}]},{\"@type\":\"ImageObject\",\"inLanguage\":\"es\",\"@id\":\"https:\\\/\\\/annaalbert.com\\\/es\\\/producto-es\\\/fular-seda-natural-abstracto\\\/#primaryimage\",\"url\":\"https:\\\/\\\/annaalbert.com\\\/wp-content\\\/uploads\\\/2019\\\/03\\\/FOTO-1-1-1.jpg\",\"contentUrl\":\"https:\\\/\\\/annaalbert.com\\\/wp-content\\\/uploads\\\/2019\\\/03\\\/FOTO-1-1-1.jpg\",\"width\":800,\"height\":960,\"caption\":\"mocador abstracte\"},{\"@type\":\"BreadcrumbList\",\"@id\":\"https:\\\/\\\/annaalbert.com\\\/es\\\/producto-es\\\/fular-seda-natural-abstracto\\\/#breadcrumb\",\"itemListElement\":[{\"@type\":\"ListItem\",\"position\":1,\"name\":\"Portada\",\"item\":\"https:\\\/\\\/annaalbert.com\\\/es\\\/\"},{\"@type\":\"ListItem\",\"position\":2,\"name\":\"Tienda\",\"item\":\"https:\\\/\\\/annaalbert.com\\\/tienda\\\/\"},{\"@type\":\"ListItem\",\"position\":3,\"name\":\"PA\u00d1UELO DE SEDA NATURAL ABSTRACTO\"}]},{\"@type\":\"WebSite\",\"@id\":\"https:\\\/\\\/annaalbert.com\\\/es\\\/#website\",\"url\":\"https:\\\/\\\/annaalbert.com\\\/es\\\/\",\"name\":\"Art en Seda\",\"description\":\"Productos de seda pintada a mano, asi como cursos, talleres, experiencias por la artesana Anna Albert\",\"publisher\":{\"@id\":\"https:\\\/\\\/annaalbert.com\\\/es\\\/#organization\"},\"potentialAction\":[{\"@type\":\"SearchAction\",\"target\":{\"@type\":\"EntryPoint\",\"urlTemplate\":\"https:\\\/\\\/annaalbert.com\\\/es\\\/?s={search_term_string}\"},\"query-input\":{\"@type\":\"PropertyValueSpecification\",\"valueRequired\":true,\"valueName\":\"search_term_string\"}}],\"inLanguage\":\"es\"},{\"@type\":\"Organization\",\"@id\":\"https:\\\/\\\/annaalbert.com\\\/es\\\/#organization\",\"name\":\"Art en Seda by Anna Albert\",\"url\":\"https:\\\/\\\/annaalbert.com\\\/es\\\/\",\"logo\":{\"@type\":\"ImageObject\",\"inLanguage\":\"es\",\"@id\":\"https:\\\/\\\/annaalbert.com\\\/es\\\/#\\\/schema\\\/logo\\\/image\\\/\",\"url\":\"https:\\\/\\\/annaalbert.com\\\/wp-content\\\/uploads\\\/2021\\\/01\\\/horitzontal_fonsblanc-scaled.jpg\",\"contentUrl\":\"https:\\\/\\\/annaalbert.com\\\/wp-content\\\/uploads\\\/2021\\\/01\\\/horitzontal_fonsblanc-scaled.jpg\",\"width\":2560,\"height\":779,\"caption\":\"Art en Seda by Anna Albert\"},\"image\":{\"@id\":\"https:\\\/\\\/annaalbert.com\\\/es\\\/#\\\/schema\\\/logo\\\/image\\\/\"}}]}<\/script>\n<!-- \/ Yoast SEO plugin. -->","yoast_head_json":{"title":"Pa\u00f1uelo de seda natural abstracto - Art en Seda","description":"Pensado para una mujer atrevida y amante del color, este pa\u00f1uelo de seda natural abstracto est\u00e1 inspirado en un mundo de fantas\u00eda, casi bien on\u00edrico.","robots":{"index":"index","follow":"follow","max-snippet":"max-snippet:-1","max-image-preview":"max-image-preview:large","max-video-preview":"max-video-preview:-1"},"canonical":"https:\/\/annaalbert.com\/es\/producto-es\/fular-seda-natural-abstracto\/","og_locale":"es_ES","og_type":"article","og_title":"Pa\u00f1uelo de seda natural abstracto - Art en Seda","og_description":"Pensado para una mujer atrevida y amante del color, este pa\u00f1uelo de seda natural abstracto est\u00e1 inspirado en un mundo de fantas\u00eda, casi bien on\u00edrico.","og_url":"https:\/\/annaalbert.com\/es\/producto-es\/fular-seda-natural-abstracto\/","og_site_name":"Art en Seda","article_modified_time":"2025-10-17T13:07:59+00:00","og_image":[{"width":800,"height":960,"url":"https:\/\/annaalbert.com\/wp-content\/uploads\/2019\/03\/FOTO-1-1-1.jpg","type":"image\/jpeg"}],"twitter_card":"summary_large_image","twitter_misc":{"Tiempo de lectura":"1 minuto"},"schema":{"@context":"https:\/\/schema.org","@graph":[{"@type":"WebPage","@id":"https:\/\/annaalbert.com\/es\/producto-es\/fular-seda-natural-abstracto\/","url":"https:\/\/annaalbert.com\/es\/producto-es\/fular-seda-natural-abstracto\/","name":"Pa\u00f1uelo de seda natural abstracto - Art en Seda","isPartOf":{"@id":"https:\/\/annaalbert.com\/es\/#website"},"primaryImageOfPage":{"@id":"https:\/\/annaalbert.com\/es\/producto-es\/fular-seda-natural-abstracto\/#primaryimage"},"image":{"@id":"https:\/\/annaalbert.com\/es\/producto-es\/fular-seda-natural-abstracto\/#primaryimage"},"thumbnailUrl":"https:\/\/annaalbert.com\/wp-content\/uploads\/2019\/03\/FOTO-1-1-1.jpg","datePublished":"2019-03-21T17:51:37+00:00","dateModified":"2025-10-17T13:07:59+00:00","description":"Pensado para una mujer atrevida y amante del color, este pa\u00f1uelo de seda natural abstracto est\u00e1 inspirado en un mundo de fantas\u00eda, casi bien on\u00edrico.","breadcrumb":{"@id":"https:\/\/annaalbert.com\/es\/producto-es\/fular-seda-natural-abstracto\/#breadcrumb"},"inLanguage":"es","potentialAction":[{"@type":"ReadAction","target":["https:\/\/annaalbert.com\/es\/producto-es\/fular-seda-natural-abstracto\/"]}]},{"@type":"ImageObject","inLanguage":"es","@id":"https:\/\/annaalbert.com\/es\/producto-es\/fular-seda-natural-abstracto\/#primaryimage","url":"https:\/\/annaalbert.com\/wp-content\/uploads\/2019\/03\/FOTO-1-1-1.jpg","contentUrl":"https:\/\/annaalbert.com\/wp-content\/uploads\/2019\/03\/FOTO-1-1-1.jpg","width":800,"height":960,"caption":"mocador abstracte"},{"@type":"BreadcrumbList","@id":"https:\/\/annaalbert.com\/es\/producto-es\/fular-seda-natural-abstracto\/#breadcrumb","itemListElement":[{"@type":"ListItem","position":1,"name":"Portada","item":"https:\/\/annaalbert.com\/es\/"},{"@type":"ListItem","position":2,"name":"Tienda","item":"https:\/\/annaalbert.com\/tienda\/"},{"@type":"ListItem","position":3,"name":"PA\u00d1UELO DE SEDA NATURAL ABSTRACTO"}]},{"@type":"WebSite","@id":"https:\/\/annaalbert.com\/es\/#website","url":"https:\/\/annaalbert.com\/es\/","name":"Art en Seda","description":"Productos de seda pintada a mano, asi como cursos, talleres, experiencias por la artesana Anna Albert","publisher":{"@id":"https:\/\/annaalbert.com\/es\/#organization"},"potentialAction":[{"@type":"SearchAction","target":{"@type":"EntryPoint","urlTemplate":"https:\/\/annaalbert.com\/es\/?s={search_term_string}"},"query-input":{"@type":"PropertyValueSpecification","valueRequired":true,"valueName":"search_term_string"}}],"inLanguage":"es"},{"@type":"Organization","@id":"https:\/\/annaalbert.com\/es\/#organization","name":"Art en Seda by Anna Albert","url":"https:\/\/annaalbert.com\/es\/","logo":{"@type":"ImageObject","inLanguage":"es","@id":"https:\/\/annaalbert.com\/es\/#\/schema\/logo\/image\/","url":"https:\/\/annaalbert.com\/wp-content\/uploads\/2021\/01\/horitzontal_fonsblanc-scaled.jpg","contentUrl":"https:\/\/annaalbert.com\/wp-content\/uploads\/2021\/01\/horitzontal_fonsblanc-scaled.jpg","width":2560,"height":779,"caption":"Art en Seda by Anna Albert"},"image":{"@id":"https:\/\/annaalbert.com\/es\/#\/schema\/logo\/image\/"}}]}},"_links":{"self":[{"href":"https:\/\/annaalbert.com\/es\/wp-json\/wp\/v2\/product\/11162","targetHints":{"allow":["GET"]}}],"collection":[{"href":"https:\/\/annaalbert.com\/es\/wp-json\/wp\/v2\/product"}],"about":[{"href":"https:\/\/annaalbert.com\/es\/wp-json\/wp\/v2\/types\/product"}],"replies":[{"embeddable":true,"href":"https:\/\/annaalbert.com\/es\/wp-json\/wp\/v2\/comments?post=11162"}],"wp:featuredmedia":[{"embeddable":true,"href":"https:\/\/annaalbert.com\/es\/wp-json\/wp\/v2\/media\/12411"}],"wp:attachment":[{"href":"https:\/\/annaalbert.com\/es\/wp-json\/wp\/v2\/media?parent=11162"}],"wp:term":[{"taxonomy":"product_brand","embeddable":true,"href":"https:\/\/annaalbert.com\/es\/wp-json\/wp\/v2\/product_brand?post=11162"},{"taxonomy":"product_cat","embeddable":true,"href":"https:\/\/annaalbert.com\/es\/wp-json\/wp\/v2\/product_cat?post=11162"},{"taxonomy":"product_tag","embeddable":true,"href":"https:\/\/annaalbert.com\/es\/wp-json\/wp\/v2\/product_tag?post=11162"}],"curies":[{"name":"wp","href":"https:\/\/api.w.org\/{rel}","templated":true}]}}

PAÑUELO DE SEDA NATURAL ABSTRACTO

<p style="text-align: justify;">Este pañuelo de seda natural abstracto tiene una medida que permite llevarlo de muchas maneras.</p>
<p style="text-align: justify;"><strong>Es un modelo extremado por la fuerza y los colores que despliega. Todo pincelado a mano a base de espesantes y colores.</strong></p>
<p style="text-align: justify;">Lo he realizado con seda crep porque tiene mucho de cuerpo y los colores se hacen muy explosivos. El diseño abstracto de este fular te transporta en un mundo de libertad artística. Las formas sugerentes y la paleta de colores viva invitan a la imaginación y la creatividad. De hecho, su versatilidad te permite combinarlo con una amplia gama de vestuario.</p>
<p style="text-align: justify;">Inspirado en un mundo de fantasía, casi bien onírico, donde los colores te balancean y te transportan al paraíso. ¿Qué haríamos en un mundo sin colores? Sin color no hay alegría.</p>
<p style="text-align: justify;"><strong>Pensado para una mujer atrevida y amante del color. </strong>Porque sea que quieres destacar tu elegancia o simplemente añadir un toque de color en tu día a día, nuestro pañuelo de seda natural abstracto es la elección perfecta. Deja que esta obra de arte te acompañe y te permita expresar tu individualidad y estilo único en cada movimiento y en cada ocasión. Este fular no solo es un complemento de moda, sino una expresión de tu auténtica esencia.</p>
<p style="text-align: justify;">Es más, este pañuelo conjunta con el <a href="https://annaalbert.com/producto/ventall-seda-natural-abstracte/">ABANICO ABSTRACTO</a></p>

<p><strong>Fular de seda crêpe abstracto.</strong></p>
<p> Medidas de 180&#215;45.</p>

<!-- This site is optimized with the Yoast SEO plugin v27.4 - https://yoast.com/product/yoast-seo-wordpress/ -->
<title>Pañuelo de seda natural abstracto - Art en Seda</title>
<meta name="description" content="Pensado para una mujer atrevida y amante del color, este pañuelo de seda natural abstracto está inspirado en un mundo de fantasía, casi bien onírico." />
<meta name="robots" content="index, follow, max-snippet:-1, max-image-preview:large, max-video-preview:-1" />
<link rel="canonical" href="https://annaalbert.com/es/producto-es/fular-seda-natural-abstracto/" />
<meta property="og:locale" content="es_ES" />
<meta property="og:type" content="article" />
<meta property="og:title" content="Pañuelo de seda natural abstracto - Art en Seda" />
<meta property="og:description" content="Pensado para una mujer atrevida y amante del color, este pañuelo de seda natural abstracto está inspirado en un mundo de fantasía, casi bien onírico." />
<meta property="og:url" content="https://annaalbert.com/es/producto-es/fular-seda-natural-abstracto/" />
<meta property="og:site_name" content="Art en Seda" />
<meta property="article:modified_time" content="2025-10-17T13:07:59+00:00" />
<meta property="og:image" content="https://annaalbert.com/wp-content/uploads/2019/03/FOTO-1-1-1.jpg" />
	<meta property="og:image:width" content="800" />
	<meta property="og:image:height" content="960" />
	<meta property="og:image:type" content="image/jpeg" />
<meta name="twitter:card" content="summary_large_image" />
<meta name="twitter:label1" content="Tiempo de lectura" />
	<meta name="twitter:data1" content="1 minuto" />
<script type="application/ld+json" class="yoast-schema-graph">{"@context":"https:\/\/schema.org","@graph":[{"@type":"WebPage","@id":"https:\/\/annaalbert.com\/es\/producto-es\/fular-seda-natural-abstracto\/","url":"https:\/\/annaalbert.com\/es\/producto-es\/fular-seda-natural-abstracto\/","name":"Pañuelo de seda natural abstracto - Art en Seda","isPartOf":{"@id":"https:\/\/annaalbert.com\/es\/#website"},"primaryImageOfPage":{"@id":"https:\/\/annaalbert.com\/es\/producto-es\/fular-seda-natural-abstracto\/#primaryimage"},"image":{"@id":"https:\/\/annaalbert.com\/es\/producto-es\/fular-seda-natural-abstracto\/#primaryimage"},"thumbnailUrl":"https:\/\/annaalbert.com\/wp-content\/uploads\/2019\/03\/FOTO-1-1-1.jpg","datePublished":"2019-03-21T17:51:37+00:00","dateModified":"2025-10-17T13:07:59+00:00","description":"Pensado para una mujer atrevida y amante del color, este pañuelo de seda natural abstracto está inspirado en un mundo de fantasía, casi bien onírico.","breadcrumb":{"@id":"https:\/\/annaalbert.com\/es\/producto-es\/fular-seda-natural-abstracto\/#breadcrumb"},"inLanguage":"es","potentialAction":[{"@type":"ReadAction","target":["https:\/\/annaalbert.com\/es\/producto-es\/fular-seda-natural-abstracto\/"]}]},{"@type":"ImageObject","inLanguage":"es","@id":"https:\/\/annaalbert.com\/es\/producto-es\/fular-seda-natural-abstracto\/#primaryimage","url":"https:\/\/annaalbert.com\/wp-content\/uploads\/2019\/03\/FOTO-1-1-1.jpg","contentUrl":"https:\/\/annaalbert.com\/wp-content\/uploads\/2019\/03\/FOTO-1-1-1.jpg","width":800,"height":960,"caption":"mocador abstracte"},{"@type":"BreadcrumbList","@id":"https:\/\/annaalbert.com\/es\/producto-es\/fular-seda-natural-abstracto\/#breadcrumb","itemListElement":[{"@type":"ListItem","position":1,"name":"Portada","item":"https:\/\/annaalbert.com\/es\/"},{"@type":"ListItem","position":2,"name":"Tienda","item":"https:\/\/annaalbert.com\/tienda\/"},{"@type":"ListItem","position":3,"name":"PAÑUELO DE SEDA NATURAL ABSTRACTO"}]},{"@type":"WebSite","@id":"https:\/\/annaalbert.com\/es\/#website","url":"https:\/\/annaalbert.com\/es\/","name":"Art en Seda","description":"Productos de seda pintada a mano, asi como cursos, talleres, experiencias por la artesana Anna Albert","publisher":{"@id":"https:\/\/annaalbert.com\/es\/#organization"},"potentialAction":[{"@type":"SearchAction","target":{"@type":"EntryPoint","urlTemplate":"https:\/\/annaalbert.com\/es\/?s={search_term_string}"},"query-input":{"@type":"PropertyValueSpecification","valueRequired":true,"valueName":"search_term_string"}}],"inLanguage":"es"},{"@type":"Organization","@id":"https:\/\/annaalbert.com\/es\/#organization","name":"Art en Seda by Anna Albert","url":"https:\/\/annaalbert.com\/es\/","logo":{"@type":"ImageObject","inLanguage":"es","@id":"https:\/\/annaalbert.com\/es\/#\/schema\/logo\/image\/","url":"https:\/\/annaalbert.com\/wp-content\/uploads\/2021\/01\/horitzontal_fonsblanc-scaled.jpg","contentUrl":"https:\/\/annaalbert.com\/wp-content\/uploads\/2021\/01\/horitzontal_fonsblanc-scaled.jpg","width":2560,"height":779,"caption":"Art en Seda by Anna Albert"},"image":{"@id":"https:\/\/annaalbert.com\/es\/#\/schema\/logo\/image\/"}}]}</script>
<!-- / Yoast SEO plugin. -->

Pañuelo de seda natural abstracto - Art en Seda

Pensado para una mujer atrevida y amante del color, este pañuelo de seda natural abstracto está inspirado en un mundo de fantasía, casi bien onírico.
