{"id":10859,"date":"2020-05-27T17:11:31","date_gmt":"2020-05-27T17:11:31","guid":{"rendered":"https:\/\/annaalbert.com\/producto\/fular-seda-natural-mariposas\/"},"modified":"2025-10-17T13:03:38","modified_gmt":"2025-10-17T13:03:38","slug":"fular-seda-natural-mariposas","status":"publish","type":"product","link":"https:\/\/annaalbert.com\/es\/producto-es\/fular-seda-natural-mariposas\/","title":{"rendered":"PA\u00d1UELO DE SEDA NATURAL MARIPOSAS"},"content":{"rendered":"<p>Pa\u00f1uelo de seda natural mariposas.<\/p>\n<p>Este pa\u00f1uelo de seda muselina est\u00e1 lleno de mariposas de colores. No hay ninguno de igual. Ligado en el cuello nos da color a la cara y luci\u00e9ndolo muy abierto nos complementa muy bien con ropa de cualquier color.<\/p>\n<p><strong>He utilizado la seda muselina o gaza chiffon porque sus caracter\u00edsticas de transparencia y suavidad nos evocan plenamente a la idea de movimiento y lo hacen m\u00e1s vol\u00e1til.<\/strong><\/p>\n<p>\u00bfQu\u00e9 har\u00edamos sin mariposas?<\/p>\n<p>\u00bfQu\u00e9 har\u00edamos en un mundo sin colores?<\/p>\n<p>Mariposas y colores se encuentran para celebrar la primavera y con muchas ganas de enamorar a cualquiera.<\/p>\n<p>Despu\u00e9s de un invierno tanto largo, ahora m\u00e1s que nunca, necesitamos las vitaminas que nos dan los colores.<\/p>\n<p>Y como siempre, todo pintado a mano.<\/p>\n<p>Este fular no solo es una pieza de moda, sino una declaraci\u00f3n de compromiso con la naturaleza. La seda natural es un recurso renovable, y nuestra producci\u00f3n es respetuosa con el medio ambiente. Cuando llevas este fular, llevas tambi\u00e9n un trocito de la naturaleza a tu alrededor.<\/p>\n<p>No dejes pasar la oportunidad de poseer este pa\u00f1uelo de seda natural hecho a mano con mariposas. Es m\u00e1s que una prenda de ropa; es una experiencia que te conectar\u00e1 con la belleza de la naturaleza y la magia de la seda.<\/p>\n<p>Este pa\u00f1uelo puede combinar perfectamente con la colecci\u00f3n de <a href=\"https:\/\/annaalbert.com\/producto\/bossa-de-papallones\/\"><span style=\"color: #3366ff;\">bolsos mariposas.<\/span><\/a><\/p>\n","protected":false},"excerpt":{"rendered":"<p>Fular se seda muselina con dise\u00f1o de mariposas<\/p>\n<p> 150x45cm<\/p>\n","protected":false},"featured_media":8778,"comment_status":"closed","ping_status":"closed","template":"","meta":{"_et_pb_use_builder":"","_et_pb_old_content":"","_et_gb_content_width":""},"product_brand":[],"product_cat":[174],"product_tag":[],"class_list":{"0":"post-10859","1":"product","2":"type-product","3":"status-publish","4":"has-post-thumbnail","6":"product_cat-fulards","8":"first","9":"instock","10":"taxable","11":"shipping-taxable","12":"purchasable","13":"product-type-simple"},"yoast_head":"<!-- This site is optimized with the Yoast SEO plugin v27.4 - https:\/\/yoast.com\/product\/yoast-seo-wordpress\/ -->\n<title>Pa\u00f1uelo de seda natural mariposas - Art en Seda<\/title>\n<meta name=\"description\" content=\"Pa\u00f1uelo de seda natural mariposas. Ligado en el cuello nos da color a la cara y luci\u00e9ndolo muy abierto nos complementa muy bien con ropa de cualquier color.\" \/>\n<meta name=\"robots\" content=\"index, follow, max-snippet:-1, max-image-preview:large, max-video-preview:-1\" \/>\n<link rel=\"canonical\" href=\"https:\/\/annaalbert.com\/es\/producto-es\/fular-seda-natural-mariposas\/\" \/>\n<meta property=\"og:locale\" content=\"es_ES\" \/>\n<meta property=\"og:type\" content=\"article\" \/>\n<meta property=\"og:title\" content=\"Pa\u00f1uelo de seda natural mariposas - Art en Seda\" \/>\n<meta property=\"og:description\" content=\"Pa\u00f1uelo de seda natural mariposas. Ligado en el cuello nos da color a la cara y luci\u00e9ndolo muy abierto nos complementa muy bien con ropa de cualquier color.\" \/>\n<meta property=\"og:url\" content=\"https:\/\/annaalbert.com\/es\/producto-es\/fular-seda-natural-mariposas\/\" \/>\n<meta property=\"og:site_name\" content=\"Art en Seda\" \/>\n<meta property=\"article:modified_time\" content=\"2025-10-17T13:03:38+00:00\" \/>\n<meta property=\"og:image\" content=\"https:\/\/annaalbert.com\/wp-content\/uploads\/2020\/05\/model-amb-fulard-papallones.jpg\" \/>\n\t<meta property=\"og:image:width\" content=\"800\" \/>\n\t<meta property=\"og:image:height\" content=\"960\" \/>\n\t<meta property=\"og:image:type\" content=\"image\/jpeg\" \/>\n<meta name=\"twitter:card\" content=\"summary_large_image\" \/>\n<meta name=\"twitter:label1\" content=\"Tiempo de lectura\" \/>\n\t<meta name=\"twitter:data1\" content=\"1 minuto\" \/>\n<script type=\"application\/ld+json\" class=\"yoast-schema-graph\">{\"@context\":\"https:\\\/\\\/schema.org\",\"@graph\":[{\"@type\":\"WebPage\",\"@id\":\"https:\\\/\\\/annaalbert.com\\\/es\\\/producto-es\\\/fular-seda-natural-mariposas\\\/\",\"url\":\"https:\\\/\\\/annaalbert.com\\\/es\\\/producto-es\\\/fular-seda-natural-mariposas\\\/\",\"name\":\"Pa\u00f1uelo de seda natural mariposas - Art en Seda\",\"isPartOf\":{\"@id\":\"https:\\\/\\\/annaalbert.com\\\/es\\\/#website\"},\"primaryImageOfPage\":{\"@id\":\"https:\\\/\\\/annaalbert.com\\\/es\\\/producto-es\\\/fular-seda-natural-mariposas\\\/#primaryimage\"},\"image\":{\"@id\":\"https:\\\/\\\/annaalbert.com\\\/es\\\/producto-es\\\/fular-seda-natural-mariposas\\\/#primaryimage\"},\"thumbnailUrl\":\"https:\\\/\\\/annaalbert.com\\\/wp-content\\\/uploads\\\/2020\\\/05\\\/model-amb-fulard-papallones.jpg\",\"datePublished\":\"2020-05-27T17:11:31+00:00\",\"dateModified\":\"2025-10-17T13:03:38+00:00\",\"description\":\"Pa\u00f1uelo de seda natural mariposas. Ligado en el cuello nos da color a la cara y luci\u00e9ndolo muy abierto nos complementa muy bien con ropa de cualquier color.\",\"breadcrumb\":{\"@id\":\"https:\\\/\\\/annaalbert.com\\\/es\\\/producto-es\\\/fular-seda-natural-mariposas\\\/#breadcrumb\"},\"inLanguage\":\"es\",\"potentialAction\":[{\"@type\":\"ReadAction\",\"target\":[\"https:\\\/\\\/annaalbert.com\\\/es\\\/producto-es\\\/fular-seda-natural-mariposas\\\/\"]}]},{\"@type\":\"ImageObject\",\"inLanguage\":\"es\",\"@id\":\"https:\\\/\\\/annaalbert.com\\\/es\\\/producto-es\\\/fular-seda-natural-mariposas\\\/#primaryimage\",\"url\":\"https:\\\/\\\/annaalbert.com\\\/wp-content\\\/uploads\\\/2020\\\/05\\\/model-amb-fulard-papallones.jpg\",\"contentUrl\":\"https:\\\/\\\/annaalbert.com\\\/wp-content\\\/uploads\\\/2020\\\/05\\\/model-amb-fulard-papallones.jpg\",\"width\":800,\"height\":960,\"caption\":\"fulard seda natural papallones\"},{\"@type\":\"BreadcrumbList\",\"@id\":\"https:\\\/\\\/annaalbert.com\\\/es\\\/producto-es\\\/fular-seda-natural-mariposas\\\/#breadcrumb\",\"itemListElement\":[{\"@type\":\"ListItem\",\"position\":1,\"name\":\"Portada\",\"item\":\"https:\\\/\\\/annaalbert.com\\\/es\\\/\"},{\"@type\":\"ListItem\",\"position\":2,\"name\":\"Tienda\",\"item\":\"https:\\\/\\\/annaalbert.com\\\/tienda\\\/\"},{\"@type\":\"ListItem\",\"position\":3,\"name\":\"PA\u00d1UELO DE SEDA NATURAL MARIPOSAS\"}]},{\"@type\":\"WebSite\",\"@id\":\"https:\\\/\\\/annaalbert.com\\\/es\\\/#website\",\"url\":\"https:\\\/\\\/annaalbert.com\\\/es\\\/\",\"name\":\"Art en Seda\",\"description\":\"Productos de seda pintada a mano, asi como cursos, talleres, experiencias por la artesana Anna Albert\",\"publisher\":{\"@id\":\"https:\\\/\\\/annaalbert.com\\\/es\\\/#organization\"},\"potentialAction\":[{\"@type\":\"SearchAction\",\"target\":{\"@type\":\"EntryPoint\",\"urlTemplate\":\"https:\\\/\\\/annaalbert.com\\\/es\\\/?s={search_term_string}\"},\"query-input\":{\"@type\":\"PropertyValueSpecification\",\"valueRequired\":true,\"valueName\":\"search_term_string\"}}],\"inLanguage\":\"es\"},{\"@type\":\"Organization\",\"@id\":\"https:\\\/\\\/annaalbert.com\\\/es\\\/#organization\",\"name\":\"Art en Seda by Anna Albert\",\"url\":\"https:\\\/\\\/annaalbert.com\\\/es\\\/\",\"logo\":{\"@type\":\"ImageObject\",\"inLanguage\":\"es\",\"@id\":\"https:\\\/\\\/annaalbert.com\\\/es\\\/#\\\/schema\\\/logo\\\/image\\\/\",\"url\":\"https:\\\/\\\/annaalbert.com\\\/wp-content\\\/uploads\\\/2021\\\/01\\\/horitzontal_fonsblanc-scaled.jpg\",\"contentUrl\":\"https:\\\/\\\/annaalbert.com\\\/wp-content\\\/uploads\\\/2021\\\/01\\\/horitzontal_fonsblanc-scaled.jpg\",\"width\":2560,\"height\":779,\"caption\":\"Art en Seda by Anna Albert\"},\"image\":{\"@id\":\"https:\\\/\\\/annaalbert.com\\\/es\\\/#\\\/schema\\\/logo\\\/image\\\/\"}}]}<\/script>\n<!-- \/ Yoast SEO plugin. -->","yoast_head_json":{"title":"Pa\u00f1uelo de seda natural mariposas - Art en Seda","description":"Pa\u00f1uelo de seda natural mariposas. Ligado en el cuello nos da color a la cara y luci\u00e9ndolo muy abierto nos complementa muy bien con ropa de cualquier color.","robots":{"index":"index","follow":"follow","max-snippet":"max-snippet:-1","max-image-preview":"max-image-preview:large","max-video-preview":"max-video-preview:-1"},"canonical":"https:\/\/annaalbert.com\/es\/producto-es\/fular-seda-natural-mariposas\/","og_locale":"es_ES","og_type":"article","og_title":"Pa\u00f1uelo de seda natural mariposas - Art en Seda","og_description":"Pa\u00f1uelo de seda natural mariposas. Ligado en el cuello nos da color a la cara y luci\u00e9ndolo muy abierto nos complementa muy bien con ropa de cualquier color.","og_url":"https:\/\/annaalbert.com\/es\/producto-es\/fular-seda-natural-mariposas\/","og_site_name":"Art en Seda","article_modified_time":"2025-10-17T13:03:38+00:00","og_image":[{"width":800,"height":960,"url":"https:\/\/annaalbert.com\/wp-content\/uploads\/2020\/05\/model-amb-fulard-papallones.jpg","type":"image\/jpeg"}],"twitter_card":"summary_large_image","twitter_misc":{"Tiempo de lectura":"1 minuto"},"schema":{"@context":"https:\/\/schema.org","@graph":[{"@type":"WebPage","@id":"https:\/\/annaalbert.com\/es\/producto-es\/fular-seda-natural-mariposas\/","url":"https:\/\/annaalbert.com\/es\/producto-es\/fular-seda-natural-mariposas\/","name":"Pa\u00f1uelo de seda natural mariposas - Art en Seda","isPartOf":{"@id":"https:\/\/annaalbert.com\/es\/#website"},"primaryImageOfPage":{"@id":"https:\/\/annaalbert.com\/es\/producto-es\/fular-seda-natural-mariposas\/#primaryimage"},"image":{"@id":"https:\/\/annaalbert.com\/es\/producto-es\/fular-seda-natural-mariposas\/#primaryimage"},"thumbnailUrl":"https:\/\/annaalbert.com\/wp-content\/uploads\/2020\/05\/model-amb-fulard-papallones.jpg","datePublished":"2020-05-27T17:11:31+00:00","dateModified":"2025-10-17T13:03:38+00:00","description":"Pa\u00f1uelo de seda natural mariposas. Ligado en el cuello nos da color a la cara y luci\u00e9ndolo muy abierto nos complementa muy bien con ropa de cualquier color.","breadcrumb":{"@id":"https:\/\/annaalbert.com\/es\/producto-es\/fular-seda-natural-mariposas\/#breadcrumb"},"inLanguage":"es","potentialAction":[{"@type":"ReadAction","target":["https:\/\/annaalbert.com\/es\/producto-es\/fular-seda-natural-mariposas\/"]}]},{"@type":"ImageObject","inLanguage":"es","@id":"https:\/\/annaalbert.com\/es\/producto-es\/fular-seda-natural-mariposas\/#primaryimage","url":"https:\/\/annaalbert.com\/wp-content\/uploads\/2020\/05\/model-amb-fulard-papallones.jpg","contentUrl":"https:\/\/annaalbert.com\/wp-content\/uploads\/2020\/05\/model-amb-fulard-papallones.jpg","width":800,"height":960,"caption":"fulard seda natural papallones"},{"@type":"BreadcrumbList","@id":"https:\/\/annaalbert.com\/es\/producto-es\/fular-seda-natural-mariposas\/#breadcrumb","itemListElement":[{"@type":"ListItem","position":1,"name":"Portada","item":"https:\/\/annaalbert.com\/es\/"},{"@type":"ListItem","position":2,"name":"Tienda","item":"https:\/\/annaalbert.com\/tienda\/"},{"@type":"ListItem","position":3,"name":"PA\u00d1UELO DE SEDA NATURAL MARIPOSAS"}]},{"@type":"WebSite","@id":"https:\/\/annaalbert.com\/es\/#website","url":"https:\/\/annaalbert.com\/es\/","name":"Art en Seda","description":"Productos de seda pintada a mano, asi como cursos, talleres, experiencias por la artesana Anna Albert","publisher":{"@id":"https:\/\/annaalbert.com\/es\/#organization"},"potentialAction":[{"@type":"SearchAction","target":{"@type":"EntryPoint","urlTemplate":"https:\/\/annaalbert.com\/es\/?s={search_term_string}"},"query-input":{"@type":"PropertyValueSpecification","valueRequired":true,"valueName":"search_term_string"}}],"inLanguage":"es"},{"@type":"Organization","@id":"https:\/\/annaalbert.com\/es\/#organization","name":"Art en Seda by Anna Albert","url":"https:\/\/annaalbert.com\/es\/","logo":{"@type":"ImageObject","inLanguage":"es","@id":"https:\/\/annaalbert.com\/es\/#\/schema\/logo\/image\/","url":"https:\/\/annaalbert.com\/wp-content\/uploads\/2021\/01\/horitzontal_fonsblanc-scaled.jpg","contentUrl":"https:\/\/annaalbert.com\/wp-content\/uploads\/2021\/01\/horitzontal_fonsblanc-scaled.jpg","width":2560,"height":779,"caption":"Art en Seda by Anna Albert"},"image":{"@id":"https:\/\/annaalbert.com\/es\/#\/schema\/logo\/image\/"}}]}},"_links":{"self":[{"href":"https:\/\/annaalbert.com\/es\/wp-json\/wp\/v2\/product\/10859","targetHints":{"allow":["GET"]}}],"collection":[{"href":"https:\/\/annaalbert.com\/es\/wp-json\/wp\/v2\/product"}],"about":[{"href":"https:\/\/annaalbert.com\/es\/wp-json\/wp\/v2\/types\/product"}],"replies":[{"embeddable":true,"href":"https:\/\/annaalbert.com\/es\/wp-json\/wp\/v2\/comments?post=10859"}],"wp:featuredmedia":[{"embeddable":true,"href":"https:\/\/annaalbert.com\/es\/wp-json\/wp\/v2\/media\/8778"}],"wp:attachment":[{"href":"https:\/\/annaalbert.com\/es\/wp-json\/wp\/v2\/media?parent=10859"}],"wp:term":[{"taxonomy":"product_brand","embeddable":true,"href":"https:\/\/annaalbert.com\/es\/wp-json\/wp\/v2\/product_brand?post=10859"},{"taxonomy":"product_cat","embeddable":true,"href":"https:\/\/annaalbert.com\/es\/wp-json\/wp\/v2\/product_cat?post=10859"},{"taxonomy":"product_tag","embeddable":true,"href":"https:\/\/annaalbert.com\/es\/wp-json\/wp\/v2\/product_tag?post=10859"}],"curies":[{"name":"wp","href":"https:\/\/api.w.org\/{rel}","templated":true}]}}

PAÑUELO DE SEDA NATURAL MARIPOSAS

<p>Pañuelo de seda natural mariposas.</p>
<p>Este pañuelo de seda muselina está lleno de mariposas de colores. No hay ninguno de igual. Ligado en el cuello nos da color a la cara y luciéndolo muy abierto nos complementa muy bien con ropa de cualquier color.</p>
<p><strong>He utilizado la seda muselina o gaza chiffon porque sus características de transparencia y suavidad nos evocan plenamente a la idea de movimiento y lo hacen más volátil.</strong></p>
<p>¿Qué haríamos sin mariposas?</p>
<p>¿Qué haríamos en un mundo sin colores?</p>
<p>Mariposas y colores se encuentran para celebrar la primavera y con muchas ganas de enamorar a cualquiera.</p>
<p>Después de un invierno tanto largo, ahora más que nunca, necesitamos las vitaminas que nos dan los colores.</p>
<p>Y como siempre, todo pintado a mano.</p>
<p>Este fular no solo es una pieza de moda, sino una declaración de compromiso con la naturaleza. La seda natural es un recurso renovable, y nuestra producción es respetuosa con el medio ambiente. Cuando llevas este fular, llevas también un trocito de la naturaleza a tu alrededor.</p>
<p>No dejes pasar la oportunidad de poseer este pañuelo de seda natural hecho a mano con mariposas. Es más que una prenda de ropa; es una experiencia que te conectará con la belleza de la naturaleza y la magia de la seda.</p>
<p>Este pañuelo puede combinar perfectamente con la colección de <a href="https://annaalbert.com/producto/bossa-de-papallones/"><span style="color: #3366ff;">bolsos mariposas.</span></a></p>

<p>Fular se seda muselina con diseño de mariposas</p>
<p> 150x45cm</p>

<!-- This site is optimized with the Yoast SEO plugin v27.4 - https://yoast.com/product/yoast-seo-wordpress/ -->
<title>Pañuelo de seda natural mariposas - Art en Seda</title>
<meta name="description" content="Pañuelo de seda natural mariposas. Ligado en el cuello nos da color a la cara y luciéndolo muy abierto nos complementa muy bien con ropa de cualquier color." />
<meta name="robots" content="index, follow, max-snippet:-1, max-image-preview:large, max-video-preview:-1" />
<link rel="canonical" href="https://annaalbert.com/es/producto-es/fular-seda-natural-mariposas/" />
<meta property="og:locale" content="es_ES" />
<meta property="og:type" content="article" />
<meta property="og:title" content="Pañuelo de seda natural mariposas - Art en Seda" />
<meta property="og:description" content="Pañuelo de seda natural mariposas. Ligado en el cuello nos da color a la cara y luciéndolo muy abierto nos complementa muy bien con ropa de cualquier color." />
<meta property="og:url" content="https://annaalbert.com/es/producto-es/fular-seda-natural-mariposas/" />
<meta property="og:site_name" content="Art en Seda" />
<meta property="article:modified_time" content="2025-10-17T13:03:38+00:00" />
<meta property="og:image" content="https://annaalbert.com/wp-content/uploads/2020/05/model-amb-fulard-papallones.jpg" />
	<meta property="og:image:width" content="800" />
	<meta property="og:image:height" content="960" />
	<meta property="og:image:type" content="image/jpeg" />
<meta name="twitter:card" content="summary_large_image" />
<meta name="twitter:label1" content="Tiempo de lectura" />
	<meta name="twitter:data1" content="1 minuto" />
<script type="application/ld+json" class="yoast-schema-graph">{"@context":"https:\/\/schema.org","@graph":[{"@type":"WebPage","@id":"https:\/\/annaalbert.com\/es\/producto-es\/fular-seda-natural-mariposas\/","url":"https:\/\/annaalbert.com\/es\/producto-es\/fular-seda-natural-mariposas\/","name":"Pañuelo de seda natural mariposas - Art en Seda","isPartOf":{"@id":"https:\/\/annaalbert.com\/es\/#website"},"primaryImageOfPage":{"@id":"https:\/\/annaalbert.com\/es\/producto-es\/fular-seda-natural-mariposas\/#primaryimage"},"image":{"@id":"https:\/\/annaalbert.com\/es\/producto-es\/fular-seda-natural-mariposas\/#primaryimage"},"thumbnailUrl":"https:\/\/annaalbert.com\/wp-content\/uploads\/2020\/05\/model-amb-fulard-papallones.jpg","datePublished":"2020-05-27T17:11:31+00:00","dateModified":"2025-10-17T13:03:38+00:00","description":"Pañuelo de seda natural mariposas. Ligado en el cuello nos da color a la cara y luciéndolo muy abierto nos complementa muy bien con ropa de cualquier color.","breadcrumb":{"@id":"https:\/\/annaalbert.com\/es\/producto-es\/fular-seda-natural-mariposas\/#breadcrumb"},"inLanguage":"es","potentialAction":[{"@type":"ReadAction","target":["https:\/\/annaalbert.com\/es\/producto-es\/fular-seda-natural-mariposas\/"]}]},{"@type":"ImageObject","inLanguage":"es","@id":"https:\/\/annaalbert.com\/es\/producto-es\/fular-seda-natural-mariposas\/#primaryimage","url":"https:\/\/annaalbert.com\/wp-content\/uploads\/2020\/05\/model-amb-fulard-papallones.jpg","contentUrl":"https:\/\/annaalbert.com\/wp-content\/uploads\/2020\/05\/model-amb-fulard-papallones.jpg","width":800,"height":960,"caption":"fulard seda natural papallones"},{"@type":"BreadcrumbList","@id":"https:\/\/annaalbert.com\/es\/producto-es\/fular-seda-natural-mariposas\/#breadcrumb","itemListElement":[{"@type":"ListItem","position":1,"name":"Portada","item":"https:\/\/annaalbert.com\/es\/"},{"@type":"ListItem","position":2,"name":"Tienda","item":"https:\/\/annaalbert.com\/tienda\/"},{"@type":"ListItem","position":3,"name":"PAÑUELO DE SEDA NATURAL MARIPOSAS"}]},{"@type":"WebSite","@id":"https:\/\/annaalbert.com\/es\/#website","url":"https:\/\/annaalbert.com\/es\/","name":"Art en Seda","description":"Productos de seda pintada a mano, asi como cursos, talleres, experiencias por la artesana Anna Albert","publisher":{"@id":"https:\/\/annaalbert.com\/es\/#organization"},"potentialAction":[{"@type":"SearchAction","target":{"@type":"EntryPoint","urlTemplate":"https:\/\/annaalbert.com\/es\/?s={search_term_string}"},"query-input":{"@type":"PropertyValueSpecification","valueRequired":true,"valueName":"search_term_string"}}],"inLanguage":"es"},{"@type":"Organization","@id":"https:\/\/annaalbert.com\/es\/#organization","name":"Art en Seda by Anna Albert","url":"https:\/\/annaalbert.com\/es\/","logo":{"@type":"ImageObject","inLanguage":"es","@id":"https:\/\/annaalbert.com\/es\/#\/schema\/logo\/image\/","url":"https:\/\/annaalbert.com\/wp-content\/uploads\/2021\/01\/horitzontal_fonsblanc-scaled.jpg","contentUrl":"https:\/\/annaalbert.com\/wp-content\/uploads\/2021\/01\/horitzontal_fonsblanc-scaled.jpg","width":2560,"height":779,"caption":"Art en Seda by Anna Albert"},"image":{"@id":"https:\/\/annaalbert.com\/es\/#\/schema\/logo\/image\/"}}]}</script>
<!-- / Yoast SEO plugin. -->

Pañuelo de seda natural mariposas - Art en Seda

Pañuelo de seda natural mariposas. Ligado en el cuello nos da color a la cara y luciéndolo muy abierto nos complementa muy bien con ropa de cualquier color.
