{"id":10835,"date":"2020-09-02T18:10:12","date_gmt":"2020-09-02T18:10:12","guid":{"rendered":"https:\/\/annaalbert.com\/producto\/mascarilla-fantasia\/"},"modified":"2023-10-20T07:16:49","modified_gmt":"2023-10-20T07:16:49","slug":"mascarilla-multicolores-fantasia","status":"publish","type":"product","link":"https:\/\/annaalbert.com\/es\/producto-es\/mascarilla-multicolores-fantasia\/","title":{"rendered":"Mascarilla multicolores fantas\u00eda"},"content":{"rendered":"<p>Mascarilla multicolores fantas\u00eda: una pieza \u00fanica de seda natural pintada a mano. Descubre el encanto de las mascarillas hechas a mano con seda natural! Nuestras mascarillas son una fusi\u00f3n perfecta de belleza y funcionalidad, dise\u00f1adas para destacar a cualquier acontecimiento especial o simplemente para aportar una dosis de elegancia en tu d\u00eda a d\u00eda.<\/p>\n<p>El interior es de algod\u00f3n de color negro y el cord\u00f3n el\u00e1stico es del mismo color. Dispone de una apertura para poner un filtro si as\u00ed lo prefieres. Adem\u00e1s, tienes que saber que la seda es antibacteriana y que repele los agentes externos a la vez que es transpirable y natural.<\/p>\n<p>Se puede lavar a mano y a la lavadora.<\/p>\n<p>La mascarilla se ha convertido en un complemento de nuestro d\u00eda a d\u00eda y es por eso que te ofrecemos una diversidad de dise\u00f1os y colores para que la puedas combinar con tu outfit. La variedad de colores y dise\u00f1os disponibles te permiten expresar tu personalidad y estilo de manera \u00fanica. Ya sea una mascarilla con tonos suaves y elegantes o una explosi\u00f3n de colores vibrantes, seguro encontrar\u00e1s una que encaje perfectamente con tu gusto y ocasi\u00f3n.<\/p>\n<p>Si deseas, con la mascarilla multicolores fantas\u00eda, el fular a conjunto o un color o estampado especial, ponte en contacto y te lo har\u00e9 a medida.<\/p>\n<p>S\u00e9 original y diferente!<\/p>\n","protected":false},"excerpt":{"rendered":"<p>Mascarilla de seda pintada<\/p>\n","protected":false},"featured_media":10836,"comment_status":"closed","ping_status":"closed","template":"","meta":{"_et_pb_use_builder":"","_et_pb_old_content":"","_et_gb_content_width":""},"product_brand":[],"product_cat":[332,416],"product_tag":[],"class_list":{"0":"post-10835","1":"product","2":"type-product","3":"status-publish","4":"has-post-thumbnail","6":"product_cat-mascarilla","7":"product_cat-otros-complementos-es","9":"first","10":"outofstock","11":"taxable","12":"shipping-taxable","13":"purchasable","14":"product-type-simple"},"yoast_head":"<!-- This site is optimized with the Yoast SEO plugin v27.4 - https:\/\/yoast.com\/product\/yoast-seo-wordpress\/ -->\n<title>Mascarilla multicolores fantas\u00eda - Art en Seda<\/title>\n<meta name=\"description\" content=\"Mascarilla multicolores fantas\u00eda de seda natural pintada a mano y de algod\u00f3n, con la oportunidad de obtener el fular de conjunto! Hecha a mano.\" \/>\n<meta name=\"robots\" content=\"index, follow, max-snippet:-1, max-image-preview:large, max-video-preview:-1\" \/>\n<link rel=\"canonical\" href=\"https:\/\/annaalbert.com\/es\/producto-es\/mascarilla-multicolores-fantasia\/\" \/>\n<meta property=\"og:locale\" content=\"es_ES\" \/>\n<meta property=\"og:type\" content=\"article\" \/>\n<meta property=\"og:title\" content=\"Mascarilla multicolores fantas\u00eda - Art en Seda\" \/>\n<meta property=\"og:description\" content=\"Mascarilla multicolores fantas\u00eda de seda natural pintada a mano y de algod\u00f3n, con la oportunidad de obtener el fular de conjunto! Hecha a mano.\" \/>\n<meta property=\"og:url\" content=\"https:\/\/annaalbert.com\/es\/producto-es\/mascarilla-multicolores-fantasia\/\" \/>\n<meta property=\"og:site_name\" content=\"Art en Seda\" \/>\n<meta property=\"article:modified_time\" content=\"2023-10-20T07:16:49+00:00\" \/>\n<meta property=\"og:image\" content=\"https:\/\/annaalbert.com\/wp-content\/uploads\/2020\/09\/colors.jpg\" \/>\n\t<meta property=\"og:image:width\" content=\"800\" \/>\n\t<meta property=\"og:image:height\" content=\"960\" \/>\n\t<meta property=\"og:image:type\" content=\"image\/jpeg\" \/>\n<meta name=\"twitter:card\" content=\"summary_large_image\" \/>\n<meta name=\"twitter:label1\" content=\"Tiempo de lectura\" \/>\n\t<meta name=\"twitter:data1\" content=\"1 minuto\" \/>\n<script type=\"application\/ld+json\" class=\"yoast-schema-graph\">{\"@context\":\"https:\\\/\\\/schema.org\",\"@graph\":[{\"@type\":\"WebPage\",\"@id\":\"https:\\\/\\\/annaalbert.com\\\/es\\\/producto-es\\\/mascarilla-multicolores-fantasia\\\/\",\"url\":\"https:\\\/\\\/annaalbert.com\\\/es\\\/producto-es\\\/mascarilla-multicolores-fantasia\\\/\",\"name\":\"Mascarilla multicolores fantas\u00eda - Art en Seda\",\"isPartOf\":{\"@id\":\"https:\\\/\\\/annaalbert.com\\\/es\\\/#website\"},\"primaryImageOfPage\":{\"@id\":\"https:\\\/\\\/annaalbert.com\\\/es\\\/producto-es\\\/mascarilla-multicolores-fantasia\\\/#primaryimage\"},\"image\":{\"@id\":\"https:\\\/\\\/annaalbert.com\\\/es\\\/producto-es\\\/mascarilla-multicolores-fantasia\\\/#primaryimage\"},\"thumbnailUrl\":\"https:\\\/\\\/annaalbert.com\\\/wp-content\\\/uploads\\\/2020\\\/09\\\/colors.jpg\",\"datePublished\":\"2020-09-02T18:10:12+00:00\",\"dateModified\":\"2023-10-20T07:16:49+00:00\",\"description\":\"Mascarilla multicolores fantas\u00eda de seda natural pintada a mano y de algod\u00f3n, con la oportunidad de obtener el fular de conjunto! Hecha a mano.\",\"breadcrumb\":{\"@id\":\"https:\\\/\\\/annaalbert.com\\\/es\\\/producto-es\\\/mascarilla-multicolores-fantasia\\\/#breadcrumb\"},\"inLanguage\":\"es\",\"potentialAction\":[{\"@type\":\"ReadAction\",\"target\":[\"https:\\\/\\\/annaalbert.com\\\/es\\\/producto-es\\\/mascarilla-multicolores-fantasia\\\/\"]}]},{\"@type\":\"ImageObject\",\"inLanguage\":\"es\",\"@id\":\"https:\\\/\\\/annaalbert.com\\\/es\\\/producto-es\\\/mascarilla-multicolores-fantasia\\\/#primaryimage\",\"url\":\"https:\\\/\\\/annaalbert.com\\\/wp-content\\\/uploads\\\/2020\\\/09\\\/colors.jpg\",\"contentUrl\":\"https:\\\/\\\/annaalbert.com\\\/wp-content\\\/uploads\\\/2020\\\/09\\\/colors.jpg\",\"width\":800,\"height\":960,\"caption\":\"mascareta multicolors fantasia\"},{\"@type\":\"BreadcrumbList\",\"@id\":\"https:\\\/\\\/annaalbert.com\\\/es\\\/producto-es\\\/mascarilla-multicolores-fantasia\\\/#breadcrumb\",\"itemListElement\":[{\"@type\":\"ListItem\",\"position\":1,\"name\":\"Portada\",\"item\":\"https:\\\/\\\/annaalbert.com\\\/es\\\/\"},{\"@type\":\"ListItem\",\"position\":2,\"name\":\"Tienda\",\"item\":\"https:\\\/\\\/annaalbert.com\\\/tienda\\\/\"},{\"@type\":\"ListItem\",\"position\":3,\"name\":\"Mascarilla multicolores fantas\u00eda\"}]},{\"@type\":\"WebSite\",\"@id\":\"https:\\\/\\\/annaalbert.com\\\/es\\\/#website\",\"url\":\"https:\\\/\\\/annaalbert.com\\\/es\\\/\",\"name\":\"Art en Seda\",\"description\":\"Productos de seda pintada a mano, asi como cursos, talleres, experiencias por la artesana Anna Albert\",\"publisher\":{\"@id\":\"https:\\\/\\\/annaalbert.com\\\/es\\\/#organization\"},\"potentialAction\":[{\"@type\":\"SearchAction\",\"target\":{\"@type\":\"EntryPoint\",\"urlTemplate\":\"https:\\\/\\\/annaalbert.com\\\/es\\\/?s={search_term_string}\"},\"query-input\":{\"@type\":\"PropertyValueSpecification\",\"valueRequired\":true,\"valueName\":\"search_term_string\"}}],\"inLanguage\":\"es\"},{\"@type\":\"Organization\",\"@id\":\"https:\\\/\\\/annaalbert.com\\\/es\\\/#organization\",\"name\":\"Art en Seda by Anna Albert\",\"url\":\"https:\\\/\\\/annaalbert.com\\\/es\\\/\",\"logo\":{\"@type\":\"ImageObject\",\"inLanguage\":\"es\",\"@id\":\"https:\\\/\\\/annaalbert.com\\\/es\\\/#\\\/schema\\\/logo\\\/image\\\/\",\"url\":\"https:\\\/\\\/annaalbert.com\\\/wp-content\\\/uploads\\\/2021\\\/01\\\/horitzontal_fonsblanc-scaled.jpg\",\"contentUrl\":\"https:\\\/\\\/annaalbert.com\\\/wp-content\\\/uploads\\\/2021\\\/01\\\/horitzontal_fonsblanc-scaled.jpg\",\"width\":2560,\"height\":779,\"caption\":\"Art en Seda by Anna Albert\"},\"image\":{\"@id\":\"https:\\\/\\\/annaalbert.com\\\/es\\\/#\\\/schema\\\/logo\\\/image\\\/\"}}]}<\/script>\n<!-- \/ Yoast SEO plugin. -->","yoast_head_json":{"title":"Mascarilla multicolores fantas\u00eda - Art en Seda","description":"Mascarilla multicolores fantas\u00eda de seda natural pintada a mano y de algod\u00f3n, con la oportunidad de obtener el fular de conjunto! Hecha a mano.","robots":{"index":"index","follow":"follow","max-snippet":"max-snippet:-1","max-image-preview":"max-image-preview:large","max-video-preview":"max-video-preview:-1"},"canonical":"https:\/\/annaalbert.com\/es\/producto-es\/mascarilla-multicolores-fantasia\/","og_locale":"es_ES","og_type":"article","og_title":"Mascarilla multicolores fantas\u00eda - Art en Seda","og_description":"Mascarilla multicolores fantas\u00eda de seda natural pintada a mano y de algod\u00f3n, con la oportunidad de obtener el fular de conjunto! Hecha a mano.","og_url":"https:\/\/annaalbert.com\/es\/producto-es\/mascarilla-multicolores-fantasia\/","og_site_name":"Art en Seda","article_modified_time":"2023-10-20T07:16:49+00:00","og_image":[{"width":800,"height":960,"url":"https:\/\/annaalbert.com\/wp-content\/uploads\/2020\/09\/colors.jpg","type":"image\/jpeg"}],"twitter_card":"summary_large_image","twitter_misc":{"Tiempo de lectura":"1 minuto"},"schema":{"@context":"https:\/\/schema.org","@graph":[{"@type":"WebPage","@id":"https:\/\/annaalbert.com\/es\/producto-es\/mascarilla-multicolores-fantasia\/","url":"https:\/\/annaalbert.com\/es\/producto-es\/mascarilla-multicolores-fantasia\/","name":"Mascarilla multicolores fantas\u00eda - Art en Seda","isPartOf":{"@id":"https:\/\/annaalbert.com\/es\/#website"},"primaryImageOfPage":{"@id":"https:\/\/annaalbert.com\/es\/producto-es\/mascarilla-multicolores-fantasia\/#primaryimage"},"image":{"@id":"https:\/\/annaalbert.com\/es\/producto-es\/mascarilla-multicolores-fantasia\/#primaryimage"},"thumbnailUrl":"https:\/\/annaalbert.com\/wp-content\/uploads\/2020\/09\/colors.jpg","datePublished":"2020-09-02T18:10:12+00:00","dateModified":"2023-10-20T07:16:49+00:00","description":"Mascarilla multicolores fantas\u00eda de seda natural pintada a mano y de algod\u00f3n, con la oportunidad de obtener el fular de conjunto! Hecha a mano.","breadcrumb":{"@id":"https:\/\/annaalbert.com\/es\/producto-es\/mascarilla-multicolores-fantasia\/#breadcrumb"},"inLanguage":"es","potentialAction":[{"@type":"ReadAction","target":["https:\/\/annaalbert.com\/es\/producto-es\/mascarilla-multicolores-fantasia\/"]}]},{"@type":"ImageObject","inLanguage":"es","@id":"https:\/\/annaalbert.com\/es\/producto-es\/mascarilla-multicolores-fantasia\/#primaryimage","url":"https:\/\/annaalbert.com\/wp-content\/uploads\/2020\/09\/colors.jpg","contentUrl":"https:\/\/annaalbert.com\/wp-content\/uploads\/2020\/09\/colors.jpg","width":800,"height":960,"caption":"mascareta multicolors fantasia"},{"@type":"BreadcrumbList","@id":"https:\/\/annaalbert.com\/es\/producto-es\/mascarilla-multicolores-fantasia\/#breadcrumb","itemListElement":[{"@type":"ListItem","position":1,"name":"Portada","item":"https:\/\/annaalbert.com\/es\/"},{"@type":"ListItem","position":2,"name":"Tienda","item":"https:\/\/annaalbert.com\/tienda\/"},{"@type":"ListItem","position":3,"name":"Mascarilla multicolores fantas\u00eda"}]},{"@type":"WebSite","@id":"https:\/\/annaalbert.com\/es\/#website","url":"https:\/\/annaalbert.com\/es\/","name":"Art en Seda","description":"Productos de seda pintada a mano, asi como cursos, talleres, experiencias por la artesana Anna Albert","publisher":{"@id":"https:\/\/annaalbert.com\/es\/#organization"},"potentialAction":[{"@type":"SearchAction","target":{"@type":"EntryPoint","urlTemplate":"https:\/\/annaalbert.com\/es\/?s={search_term_string}"},"query-input":{"@type":"PropertyValueSpecification","valueRequired":true,"valueName":"search_term_string"}}],"inLanguage":"es"},{"@type":"Organization","@id":"https:\/\/annaalbert.com\/es\/#organization","name":"Art en Seda by Anna Albert","url":"https:\/\/annaalbert.com\/es\/","logo":{"@type":"ImageObject","inLanguage":"es","@id":"https:\/\/annaalbert.com\/es\/#\/schema\/logo\/image\/","url":"https:\/\/annaalbert.com\/wp-content\/uploads\/2021\/01\/horitzontal_fonsblanc-scaled.jpg","contentUrl":"https:\/\/annaalbert.com\/wp-content\/uploads\/2021\/01\/horitzontal_fonsblanc-scaled.jpg","width":2560,"height":779,"caption":"Art en Seda by Anna Albert"},"image":{"@id":"https:\/\/annaalbert.com\/es\/#\/schema\/logo\/image\/"}}]}},"_links":{"self":[{"href":"https:\/\/annaalbert.com\/es\/wp-json\/wp\/v2\/product\/10835","targetHints":{"allow":["GET"]}}],"collection":[{"href":"https:\/\/annaalbert.com\/es\/wp-json\/wp\/v2\/product"}],"about":[{"href":"https:\/\/annaalbert.com\/es\/wp-json\/wp\/v2\/types\/product"}],"replies":[{"embeddable":true,"href":"https:\/\/annaalbert.com\/es\/wp-json\/wp\/v2\/comments?post=10835"}],"wp:featuredmedia":[{"embeddable":true,"href":"https:\/\/annaalbert.com\/es\/wp-json\/wp\/v2\/media\/10836"}],"wp:attachment":[{"href":"https:\/\/annaalbert.com\/es\/wp-json\/wp\/v2\/media?parent=10835"}],"wp:term":[{"taxonomy":"product_brand","embeddable":true,"href":"https:\/\/annaalbert.com\/es\/wp-json\/wp\/v2\/product_brand?post=10835"},{"taxonomy":"product_cat","embeddable":true,"href":"https:\/\/annaalbert.com\/es\/wp-json\/wp\/v2\/product_cat?post=10835"},{"taxonomy":"product_tag","embeddable":true,"href":"https:\/\/annaalbert.com\/es\/wp-json\/wp\/v2\/product_tag?post=10835"}],"curies":[{"name":"wp","href":"https:\/\/api.w.org\/{rel}","templated":true}]}}

Mascarilla multicolores fantasía

<p>Mascarilla multicolores fantasía: una pieza única de seda natural pintada a mano. Descubre el encanto de las mascarillas hechas a mano con seda natural! Nuestras mascarillas son una fusión perfecta de belleza y funcionalidad, diseñadas para destacar a cualquier acontecimiento especial o simplemente para aportar una dosis de elegancia en tu día a día.</p>
<p>El interior es de algodón de color negro y el cordón elástico es del mismo color. Dispone de una apertura para poner un filtro si así lo prefieres. Además, tienes que saber que la seda es antibacteriana y que repele los agentes externos a la vez que es transpirable y natural.</p>
<p>Se puede lavar a mano y a la lavadora.</p>
<p>La mascarilla se ha convertido en un complemento de nuestro día a día y es por eso que te ofrecemos una diversidad de diseños y colores para que la puedas combinar con tu outfit. La variedad de colores y diseños disponibles te permiten expresar tu personalidad y estilo de manera única. Ya sea una mascarilla con tonos suaves y elegantes o una explosión de colores vibrantes, seguro encontrarás una que encaje perfectamente con tu gusto y ocasión.</p>
<p>Si deseas, con la mascarilla multicolores fantasía, el fular a conjunto o un color o estampado especial, ponte en contacto y te lo haré a medida.</p>
<p>Sé original y diferente!</p>

<!-- This site is optimized with the Yoast SEO plugin v27.4 - https://yoast.com/product/yoast-seo-wordpress/ -->
<title>Mascarilla multicolores fantasía - Art en Seda</title>
<meta name="description" content="Mascarilla multicolores fantasía de seda natural pintada a mano y de algodón, con la oportunidad de obtener el fular de conjunto! Hecha a mano." />
<meta name="robots" content="index, follow, max-snippet:-1, max-image-preview:large, max-video-preview:-1" />
<link rel="canonical" href="https://annaalbert.com/es/producto-es/mascarilla-multicolores-fantasia/" />
<meta property="og:locale" content="es_ES" />
<meta property="og:type" content="article" />
<meta property="og:title" content="Mascarilla multicolores fantasía - Art en Seda" />
<meta property="og:description" content="Mascarilla multicolores fantasía de seda natural pintada a mano y de algodón, con la oportunidad de obtener el fular de conjunto! Hecha a mano." />
<meta property="og:url" content="https://annaalbert.com/es/producto-es/mascarilla-multicolores-fantasia/" />
<meta property="og:site_name" content="Art en Seda" />
<meta property="article:modified_time" content="2023-10-20T07:16:49+00:00" />
<meta property="og:image" content="https://annaalbert.com/wp-content/uploads/2020/09/colors.jpg" />
	<meta property="og:image:width" content="800" />
	<meta property="og:image:height" content="960" />
	<meta property="og:image:type" content="image/jpeg" />
<meta name="twitter:card" content="summary_large_image" />
<meta name="twitter:label1" content="Tiempo de lectura" />
	<meta name="twitter:data1" content="1 minuto" />
<script type="application/ld+json" class="yoast-schema-graph">{"@context":"https:\/\/schema.org","@graph":[{"@type":"WebPage","@id":"https:\/\/annaalbert.com\/es\/producto-es\/mascarilla-multicolores-fantasia\/","url":"https:\/\/annaalbert.com\/es\/producto-es\/mascarilla-multicolores-fantasia\/","name":"Mascarilla multicolores fantasía - Art en Seda","isPartOf":{"@id":"https:\/\/annaalbert.com\/es\/#website"},"primaryImageOfPage":{"@id":"https:\/\/annaalbert.com\/es\/producto-es\/mascarilla-multicolores-fantasia\/#primaryimage"},"image":{"@id":"https:\/\/annaalbert.com\/es\/producto-es\/mascarilla-multicolores-fantasia\/#primaryimage"},"thumbnailUrl":"https:\/\/annaalbert.com\/wp-content\/uploads\/2020\/09\/colors.jpg","datePublished":"2020-09-02T18:10:12+00:00","dateModified":"2023-10-20T07:16:49+00:00","description":"Mascarilla multicolores fantasía de seda natural pintada a mano y de algodón, con la oportunidad de obtener el fular de conjunto! Hecha a mano.","breadcrumb":{"@id":"https:\/\/annaalbert.com\/es\/producto-es\/mascarilla-multicolores-fantasia\/#breadcrumb"},"inLanguage":"es","potentialAction":[{"@type":"ReadAction","target":["https:\/\/annaalbert.com\/es\/producto-es\/mascarilla-multicolores-fantasia\/"]}]},{"@type":"ImageObject","inLanguage":"es","@id":"https:\/\/annaalbert.com\/es\/producto-es\/mascarilla-multicolores-fantasia\/#primaryimage","url":"https:\/\/annaalbert.com\/wp-content\/uploads\/2020\/09\/colors.jpg","contentUrl":"https:\/\/annaalbert.com\/wp-content\/uploads\/2020\/09\/colors.jpg","width":800,"height":960,"caption":"mascareta multicolors fantasia"},{"@type":"BreadcrumbList","@id":"https:\/\/annaalbert.com\/es\/producto-es\/mascarilla-multicolores-fantasia\/#breadcrumb","itemListElement":[{"@type":"ListItem","position":1,"name":"Portada","item":"https:\/\/annaalbert.com\/es\/"},{"@type":"ListItem","position":2,"name":"Tienda","item":"https:\/\/annaalbert.com\/tienda\/"},{"@type":"ListItem","position":3,"name":"Mascarilla multicolores fantasía"}]},{"@type":"WebSite","@id":"https:\/\/annaalbert.com\/es\/#website","url":"https:\/\/annaalbert.com\/es\/","name":"Art en Seda","description":"Productos de seda pintada a mano, asi como cursos, talleres, experiencias por la artesana Anna Albert","publisher":{"@id":"https:\/\/annaalbert.com\/es\/#organization"},"potentialAction":[{"@type":"SearchAction","target":{"@type":"EntryPoint","urlTemplate":"https:\/\/annaalbert.com\/es\/?s={search_term_string}"},"query-input":{"@type":"PropertyValueSpecification","valueRequired":true,"valueName":"search_term_string"}}],"inLanguage":"es"},{"@type":"Organization","@id":"https:\/\/annaalbert.com\/es\/#organization","name":"Art en Seda by Anna Albert","url":"https:\/\/annaalbert.com\/es\/","logo":{"@type":"ImageObject","inLanguage":"es","@id":"https:\/\/annaalbert.com\/es\/#\/schema\/logo\/image\/","url":"https:\/\/annaalbert.com\/wp-content\/uploads\/2021\/01\/horitzontal_fonsblanc-scaled.jpg","contentUrl":"https:\/\/annaalbert.com\/wp-content\/uploads\/2021\/01\/horitzontal_fonsblanc-scaled.jpg","width":2560,"height":779,"caption":"Art en Seda by Anna Albert"},"image":{"@id":"https:\/\/annaalbert.com\/es\/#\/schema\/logo\/image\/"}}]}</script>
<!-- / Yoast SEO plugin. -->

Mascarilla multicolores fantasía - Art en Seda

Mascarilla multicolores fantasía de seda natural pintada a mano y de algodón, con la oportunidad de obtener el fular de conjunto! Hecha a mano.
