{"id":10809,"date":"2020-09-07T22:33:22","date_gmt":"2020-09-07T22:33:22","guid":{"rendered":"https:\/\/annaalbert.com\/producto\/fular-seda-natural-peces\/"},"modified":"2024-04-02T15:46:14","modified_gmt":"2024-04-02T15:46:14","slug":"fular-seda-natural-peces","status":"publish","type":"product","link":"https:\/\/annaalbert.com\/es\/producto-es\/fular-seda-natural-peces\/","title":{"rendered":"PA\u00d1UELO DE SEDA NATURAL DE PECES"},"content":{"rendered":"<p>Pa\u00f1uelo de seda natural de peces. Los fulares de seda natural son joyas de la artesan\u00eda que combinan elegancia y belleza. Si est\u00e1s buscando una pieza \u00fanica para realzar tu apariencia y expresar tu personalidad, no busques m\u00e1s. Nuestros fulares de seda natural hechos a mano son la elecci\u00f3n perfecta.<\/p>\n<p>Fular inspirado en el fondo marino de nuestro mediterr\u00e1neo. Riqueza de texturas, colores y vida marina es el que transmite este complemento de seda natural pintado a mano. La seda natural es conocida por su suavidad, brillantez y comodidad. Adem\u00e1s, cada hilo de seda es tejido con cuidado para dar vida a nuestros dise\u00f1os \u00fanicos inspirados en la belleza del mundo subacu\u00e1tico y sus habitantes, como los peces.<\/p>\n<p>Es m\u00e1s, este pa\u00f1uelo de seda natural de peces forma parte de la colecci\u00f3n sedas del mediterr\u00e1neo, una propuesta atractiva que se present\u00f3 en el entorno del Puerto del Masnou entre barcos y la luz especial del Maresme.<\/p>\n<p>Este dise\u00f1o lo puedes encontrar en forma de fular de 180x45cm o en una medida generosa de chal de 200x90cm, una medida espectacular que realmente te hace sentir rodeada de mar.<\/p>\n<p>Azules, verdes, turquesas, colores tierra y coral. Combinable tanto en verano como en invierno.<\/p>\n<p>Pensado tanto como cuadro as\u00ed como a complemento de moda.<\/p>\n","protected":false},"excerpt":{"rendered":"<p>Fular inspirado en el fondo marino del mediterr\u00e1neo<\/p>\n<p>Seda pong\u00e9<\/p>\n<p>Medidas 180&#215;45<\/p>\n","protected":false},"featured_media":8877,"comment_status":"closed","ping_status":"closed","template":"","meta":{"_et_pb_use_builder":"","_et_pb_old_content":"","_et_gb_content_width":""},"product_brand":[],"product_cat":[174],"product_tag":[],"class_list":{"0":"post-10809","1":"product","2":"type-product","3":"status-publish","4":"has-post-thumbnail","6":"product_cat-fulards","8":"first","9":"outofstock","10":"taxable","11":"shipping-taxable","12":"purchasable","13":"product-type-simple"},"yoast_head":"<!-- This site is optimized with the Yoast SEO plugin v27.4 - https:\/\/yoast.com\/product\/yoast-seo-wordpress\/ -->\n<title>Pa\u00f1uelo de seda natural de peces - Art en Seda<\/title>\n<meta name=\"description\" content=\"Pa\u00f1uelo de seda natural de peces que se inspira en el fondo marino de nuestro mediterr\u00e1neo. Combinable tanto en verano como en invierno.\" \/>\n<meta name=\"robots\" content=\"index, follow, max-snippet:-1, max-image-preview:large, max-video-preview:-1\" \/>\n<link rel=\"canonical\" href=\"https:\/\/annaalbert.com\/es\/producto-es\/fular-seda-natural-peces\/\" \/>\n<meta property=\"og:locale\" content=\"es_ES\" \/>\n<meta property=\"og:type\" content=\"article\" \/>\n<meta property=\"og:title\" content=\"Pa\u00f1uelo de seda natural de peces - Art en Seda\" \/>\n<meta property=\"og:description\" content=\"Pa\u00f1uelo de seda natural de peces que se inspira en el fondo marino de nuestro mediterr\u00e1neo. Combinable tanto en verano como en invierno.\" \/>\n<meta property=\"og:url\" content=\"https:\/\/annaalbert.com\/es\/producto-es\/fular-seda-natural-peces\/\" \/>\n<meta property=\"og:site_name\" content=\"Art en Seda\" \/>\n<meta property=\"article:modified_time\" content=\"2024-04-02T15:46:14+00:00\" \/>\n<meta property=\"og:image\" content=\"https:\/\/annaalbert.com\/wp-content\/uploads\/2020\/09\/1.jpg\" \/>\n\t<meta property=\"og:image:width\" content=\"800\" \/>\n\t<meta property=\"og:image:height\" content=\"960\" \/>\n\t<meta property=\"og:image:type\" content=\"image\/jpeg\" \/>\n<meta name=\"twitter:card\" content=\"summary_large_image\" \/>\n<meta name=\"twitter:label1\" content=\"Tiempo de lectura\" \/>\n\t<meta name=\"twitter:data1\" content=\"1 minuto\" \/>\n<script type=\"application\/ld+json\" class=\"yoast-schema-graph\">{\"@context\":\"https:\\\/\\\/schema.org\",\"@graph\":[{\"@type\":\"WebPage\",\"@id\":\"https:\\\/\\\/annaalbert.com\\\/es\\\/producto-es\\\/fular-seda-natural-peces\\\/\",\"url\":\"https:\\\/\\\/annaalbert.com\\\/es\\\/producto-es\\\/fular-seda-natural-peces\\\/\",\"name\":\"Pa\u00f1uelo de seda natural de peces - Art en Seda\",\"isPartOf\":{\"@id\":\"https:\\\/\\\/annaalbert.com\\\/es\\\/#website\"},\"primaryImageOfPage\":{\"@id\":\"https:\\\/\\\/annaalbert.com\\\/es\\\/producto-es\\\/fular-seda-natural-peces\\\/#primaryimage\"},\"image\":{\"@id\":\"https:\\\/\\\/annaalbert.com\\\/es\\\/producto-es\\\/fular-seda-natural-peces\\\/#primaryimage\"},\"thumbnailUrl\":\"https:\\\/\\\/annaalbert.com\\\/wp-content\\\/uploads\\\/2020\\\/09\\\/1.jpg\",\"datePublished\":\"2020-09-07T22:33:22+00:00\",\"dateModified\":\"2024-04-02T15:46:14+00:00\",\"description\":\"Pa\u00f1uelo de seda natural de peces que se inspira en el fondo marino de nuestro mediterr\u00e1neo. Combinable tanto en verano como en invierno.\",\"breadcrumb\":{\"@id\":\"https:\\\/\\\/annaalbert.com\\\/es\\\/producto-es\\\/fular-seda-natural-peces\\\/#breadcrumb\"},\"inLanguage\":\"es\",\"potentialAction\":[{\"@type\":\"ReadAction\",\"target\":[\"https:\\\/\\\/annaalbert.com\\\/es\\\/producto-es\\\/fular-seda-natural-peces\\\/\"]}]},{\"@type\":\"ImageObject\",\"inLanguage\":\"es\",\"@id\":\"https:\\\/\\\/annaalbert.com\\\/es\\\/producto-es\\\/fular-seda-natural-peces\\\/#primaryimage\",\"url\":\"https:\\\/\\\/annaalbert.com\\\/wp-content\\\/uploads\\\/2020\\\/09\\\/1.jpg\",\"contentUrl\":\"https:\\\/\\\/annaalbert.com\\\/wp-content\\\/uploads\\\/2020\\\/09\\\/1.jpg\",\"width\":800,\"height\":960,\"caption\":\"fulard seda natural peixos\"},{\"@type\":\"BreadcrumbList\",\"@id\":\"https:\\\/\\\/annaalbert.com\\\/es\\\/producto-es\\\/fular-seda-natural-peces\\\/#breadcrumb\",\"itemListElement\":[{\"@type\":\"ListItem\",\"position\":1,\"name\":\"Portada\",\"item\":\"https:\\\/\\\/annaalbert.com\\\/es\\\/\"},{\"@type\":\"ListItem\",\"position\":2,\"name\":\"Tienda\",\"item\":\"https:\\\/\\\/annaalbert.com\\\/tienda\\\/\"},{\"@type\":\"ListItem\",\"position\":3,\"name\":\"PA\u00d1UELO DE SEDA NATURAL DE PECES\"}]},{\"@type\":\"WebSite\",\"@id\":\"https:\\\/\\\/annaalbert.com\\\/es\\\/#website\",\"url\":\"https:\\\/\\\/annaalbert.com\\\/es\\\/\",\"name\":\"Art en Seda\",\"description\":\"Productos de seda pintada a mano, asi como cursos, talleres, experiencias por la artesana Anna Albert\",\"publisher\":{\"@id\":\"https:\\\/\\\/annaalbert.com\\\/es\\\/#organization\"},\"potentialAction\":[{\"@type\":\"SearchAction\",\"target\":{\"@type\":\"EntryPoint\",\"urlTemplate\":\"https:\\\/\\\/annaalbert.com\\\/es\\\/?s={search_term_string}\"},\"query-input\":{\"@type\":\"PropertyValueSpecification\",\"valueRequired\":true,\"valueName\":\"search_term_string\"}}],\"inLanguage\":\"es\"},{\"@type\":\"Organization\",\"@id\":\"https:\\\/\\\/annaalbert.com\\\/es\\\/#organization\",\"name\":\"Art en Seda by Anna Albert\",\"url\":\"https:\\\/\\\/annaalbert.com\\\/es\\\/\",\"logo\":{\"@type\":\"ImageObject\",\"inLanguage\":\"es\",\"@id\":\"https:\\\/\\\/annaalbert.com\\\/es\\\/#\\\/schema\\\/logo\\\/image\\\/\",\"url\":\"https:\\\/\\\/annaalbert.com\\\/wp-content\\\/uploads\\\/2021\\\/01\\\/horitzontal_fonsblanc-scaled.jpg\",\"contentUrl\":\"https:\\\/\\\/annaalbert.com\\\/wp-content\\\/uploads\\\/2021\\\/01\\\/horitzontal_fonsblanc-scaled.jpg\",\"width\":2560,\"height\":779,\"caption\":\"Art en Seda by Anna Albert\"},\"image\":{\"@id\":\"https:\\\/\\\/annaalbert.com\\\/es\\\/#\\\/schema\\\/logo\\\/image\\\/\"}}]}<\/script>\n<!-- \/ Yoast SEO plugin. -->","yoast_head_json":{"title":"Pa\u00f1uelo de seda natural de peces - Art en Seda","description":"Pa\u00f1uelo de seda natural de peces que se inspira en el fondo marino de nuestro mediterr\u00e1neo. Combinable tanto en verano como en invierno.","robots":{"index":"index","follow":"follow","max-snippet":"max-snippet:-1","max-image-preview":"max-image-preview:large","max-video-preview":"max-video-preview:-1"},"canonical":"https:\/\/annaalbert.com\/es\/producto-es\/fular-seda-natural-peces\/","og_locale":"es_ES","og_type":"article","og_title":"Pa\u00f1uelo de seda natural de peces - Art en Seda","og_description":"Pa\u00f1uelo de seda natural de peces que se inspira en el fondo marino de nuestro mediterr\u00e1neo. Combinable tanto en verano como en invierno.","og_url":"https:\/\/annaalbert.com\/es\/producto-es\/fular-seda-natural-peces\/","og_site_name":"Art en Seda","article_modified_time":"2024-04-02T15:46:14+00:00","og_image":[{"width":800,"height":960,"url":"https:\/\/annaalbert.com\/wp-content\/uploads\/2020\/09\/1.jpg","type":"image\/jpeg"}],"twitter_card":"summary_large_image","twitter_misc":{"Tiempo de lectura":"1 minuto"},"schema":{"@context":"https:\/\/schema.org","@graph":[{"@type":"WebPage","@id":"https:\/\/annaalbert.com\/es\/producto-es\/fular-seda-natural-peces\/","url":"https:\/\/annaalbert.com\/es\/producto-es\/fular-seda-natural-peces\/","name":"Pa\u00f1uelo de seda natural de peces - Art en Seda","isPartOf":{"@id":"https:\/\/annaalbert.com\/es\/#website"},"primaryImageOfPage":{"@id":"https:\/\/annaalbert.com\/es\/producto-es\/fular-seda-natural-peces\/#primaryimage"},"image":{"@id":"https:\/\/annaalbert.com\/es\/producto-es\/fular-seda-natural-peces\/#primaryimage"},"thumbnailUrl":"https:\/\/annaalbert.com\/wp-content\/uploads\/2020\/09\/1.jpg","datePublished":"2020-09-07T22:33:22+00:00","dateModified":"2024-04-02T15:46:14+00:00","description":"Pa\u00f1uelo de seda natural de peces que se inspira en el fondo marino de nuestro mediterr\u00e1neo. Combinable tanto en verano como en invierno.","breadcrumb":{"@id":"https:\/\/annaalbert.com\/es\/producto-es\/fular-seda-natural-peces\/#breadcrumb"},"inLanguage":"es","potentialAction":[{"@type":"ReadAction","target":["https:\/\/annaalbert.com\/es\/producto-es\/fular-seda-natural-peces\/"]}]},{"@type":"ImageObject","inLanguage":"es","@id":"https:\/\/annaalbert.com\/es\/producto-es\/fular-seda-natural-peces\/#primaryimage","url":"https:\/\/annaalbert.com\/wp-content\/uploads\/2020\/09\/1.jpg","contentUrl":"https:\/\/annaalbert.com\/wp-content\/uploads\/2020\/09\/1.jpg","width":800,"height":960,"caption":"fulard seda natural peixos"},{"@type":"BreadcrumbList","@id":"https:\/\/annaalbert.com\/es\/producto-es\/fular-seda-natural-peces\/#breadcrumb","itemListElement":[{"@type":"ListItem","position":1,"name":"Portada","item":"https:\/\/annaalbert.com\/es\/"},{"@type":"ListItem","position":2,"name":"Tienda","item":"https:\/\/annaalbert.com\/tienda\/"},{"@type":"ListItem","position":3,"name":"PA\u00d1UELO DE SEDA NATURAL DE PECES"}]},{"@type":"WebSite","@id":"https:\/\/annaalbert.com\/es\/#website","url":"https:\/\/annaalbert.com\/es\/","name":"Art en Seda","description":"Productos de seda pintada a mano, asi como cursos, talleres, experiencias por la artesana Anna Albert","publisher":{"@id":"https:\/\/annaalbert.com\/es\/#organization"},"potentialAction":[{"@type":"SearchAction","target":{"@type":"EntryPoint","urlTemplate":"https:\/\/annaalbert.com\/es\/?s={search_term_string}"},"query-input":{"@type":"PropertyValueSpecification","valueRequired":true,"valueName":"search_term_string"}}],"inLanguage":"es"},{"@type":"Organization","@id":"https:\/\/annaalbert.com\/es\/#organization","name":"Art en Seda by Anna Albert","url":"https:\/\/annaalbert.com\/es\/","logo":{"@type":"ImageObject","inLanguage":"es","@id":"https:\/\/annaalbert.com\/es\/#\/schema\/logo\/image\/","url":"https:\/\/annaalbert.com\/wp-content\/uploads\/2021\/01\/horitzontal_fonsblanc-scaled.jpg","contentUrl":"https:\/\/annaalbert.com\/wp-content\/uploads\/2021\/01\/horitzontal_fonsblanc-scaled.jpg","width":2560,"height":779,"caption":"Art en Seda by Anna Albert"},"image":{"@id":"https:\/\/annaalbert.com\/es\/#\/schema\/logo\/image\/"}}]}},"_links":{"self":[{"href":"https:\/\/annaalbert.com\/es\/wp-json\/wp\/v2\/product\/10809","targetHints":{"allow":["GET"]}}],"collection":[{"href":"https:\/\/annaalbert.com\/es\/wp-json\/wp\/v2\/product"}],"about":[{"href":"https:\/\/annaalbert.com\/es\/wp-json\/wp\/v2\/types\/product"}],"replies":[{"embeddable":true,"href":"https:\/\/annaalbert.com\/es\/wp-json\/wp\/v2\/comments?post=10809"}],"wp:featuredmedia":[{"embeddable":true,"href":"https:\/\/annaalbert.com\/es\/wp-json\/wp\/v2\/media\/8877"}],"wp:attachment":[{"href":"https:\/\/annaalbert.com\/es\/wp-json\/wp\/v2\/media?parent=10809"}],"wp:term":[{"taxonomy":"product_brand","embeddable":true,"href":"https:\/\/annaalbert.com\/es\/wp-json\/wp\/v2\/product_brand?post=10809"},{"taxonomy":"product_cat","embeddable":true,"href":"https:\/\/annaalbert.com\/es\/wp-json\/wp\/v2\/product_cat?post=10809"},{"taxonomy":"product_tag","embeddable":true,"href":"https:\/\/annaalbert.com\/es\/wp-json\/wp\/v2\/product_tag?post=10809"}],"curies":[{"name":"wp","href":"https:\/\/api.w.org\/{rel}","templated":true}]}}

PAÑUELO DE SEDA NATURAL DE PECES

<p>Pañuelo de seda natural de peces. Los fulares de seda natural son joyas de la artesanía que combinan elegancia y belleza. Si estás buscando una pieza única para realzar tu apariencia y expresar tu personalidad, no busques más. Nuestros fulares de seda natural hechos a mano son la elección perfecta.</p>
<p>Fular inspirado en el fondo marino de nuestro mediterráneo. Riqueza de texturas, colores y vida marina es el que transmite este complemento de seda natural pintado a mano. La seda natural es conocida por su suavidad, brillantez y comodidad. Además, cada hilo de seda es tejido con cuidado para dar vida a nuestros diseños únicos inspirados en la belleza del mundo subacuático y sus habitantes, como los peces.</p>
<p>Es más, este pañuelo de seda natural de peces forma parte de la colección sedas del mediterráneo, una propuesta atractiva que se presentó en el entorno del Puerto del Masnou entre barcos y la luz especial del Maresme.</p>
<p>Este diseño lo puedes encontrar en forma de fular de 180x45cm o en una medida generosa de chal de 200x90cm, una medida espectacular que realmente te hace sentir rodeada de mar.</p>
<p>Azules, verdes, turquesas, colores tierra y coral. Combinable tanto en verano como en invierno.</p>
<p>Pensado tanto como cuadro así como a complemento de moda.</p>

<p>Fular inspirado en el fondo marino del mediterráneo</p>
<p>Seda pongé</p>
<p>Medidas 180&#215;45</p>

<!-- This site is optimized with the Yoast SEO plugin v27.4 - https://yoast.com/product/yoast-seo-wordpress/ -->
<title>Pañuelo de seda natural de peces - Art en Seda</title>
<meta name="description" content="Pañuelo de seda natural de peces que se inspira en el fondo marino de nuestro mediterráneo. Combinable tanto en verano como en invierno." />
<meta name="robots" content="index, follow, max-snippet:-1, max-image-preview:large, max-video-preview:-1" />
<link rel="canonical" href="https://annaalbert.com/es/producto-es/fular-seda-natural-peces/" />
<meta property="og:locale" content="es_ES" />
<meta property="og:type" content="article" />
<meta property="og:title" content="Pañuelo de seda natural de peces - Art en Seda" />
<meta property="og:description" content="Pañuelo de seda natural de peces que se inspira en el fondo marino de nuestro mediterráneo. Combinable tanto en verano como en invierno." />
<meta property="og:url" content="https://annaalbert.com/es/producto-es/fular-seda-natural-peces/" />
<meta property="og:site_name" content="Art en Seda" />
<meta property="article:modified_time" content="2024-04-02T15:46:14+00:00" />
<meta property="og:image" content="https://annaalbert.com/wp-content/uploads/2020/09/1.jpg" />
	<meta property="og:image:width" content="800" />
	<meta property="og:image:height" content="960" />
	<meta property="og:image:type" content="image/jpeg" />
<meta name="twitter:card" content="summary_large_image" />
<meta name="twitter:label1" content="Tiempo de lectura" />
	<meta name="twitter:data1" content="1 minuto" />
<script type="application/ld+json" class="yoast-schema-graph">{"@context":"https:\/\/schema.org","@graph":[{"@type":"WebPage","@id":"https:\/\/annaalbert.com\/es\/producto-es\/fular-seda-natural-peces\/","url":"https:\/\/annaalbert.com\/es\/producto-es\/fular-seda-natural-peces\/","name":"Pañuelo de seda natural de peces - Art en Seda","isPartOf":{"@id":"https:\/\/annaalbert.com\/es\/#website"},"primaryImageOfPage":{"@id":"https:\/\/annaalbert.com\/es\/producto-es\/fular-seda-natural-peces\/#primaryimage"},"image":{"@id":"https:\/\/annaalbert.com\/es\/producto-es\/fular-seda-natural-peces\/#primaryimage"},"thumbnailUrl":"https:\/\/annaalbert.com\/wp-content\/uploads\/2020\/09\/1.jpg","datePublished":"2020-09-07T22:33:22+00:00","dateModified":"2024-04-02T15:46:14+00:00","description":"Pañuelo de seda natural de peces que se inspira en el fondo marino de nuestro mediterráneo. Combinable tanto en verano como en invierno.","breadcrumb":{"@id":"https:\/\/annaalbert.com\/es\/producto-es\/fular-seda-natural-peces\/#breadcrumb"},"inLanguage":"es","potentialAction":[{"@type":"ReadAction","target":["https:\/\/annaalbert.com\/es\/producto-es\/fular-seda-natural-peces\/"]}]},{"@type":"ImageObject","inLanguage":"es","@id":"https:\/\/annaalbert.com\/es\/producto-es\/fular-seda-natural-peces\/#primaryimage","url":"https:\/\/annaalbert.com\/wp-content\/uploads\/2020\/09\/1.jpg","contentUrl":"https:\/\/annaalbert.com\/wp-content\/uploads\/2020\/09\/1.jpg","width":800,"height":960,"caption":"fulard seda natural peixos"},{"@type":"BreadcrumbList","@id":"https:\/\/annaalbert.com\/es\/producto-es\/fular-seda-natural-peces\/#breadcrumb","itemListElement":[{"@type":"ListItem","position":1,"name":"Portada","item":"https:\/\/annaalbert.com\/es\/"},{"@type":"ListItem","position":2,"name":"Tienda","item":"https:\/\/annaalbert.com\/tienda\/"},{"@type":"ListItem","position":3,"name":"PAÑUELO DE SEDA NATURAL DE PECES"}]},{"@type":"WebSite","@id":"https:\/\/annaalbert.com\/es\/#website","url":"https:\/\/annaalbert.com\/es\/","name":"Art en Seda","description":"Productos de seda pintada a mano, asi como cursos, talleres, experiencias por la artesana Anna Albert","publisher":{"@id":"https:\/\/annaalbert.com\/es\/#organization"},"potentialAction":[{"@type":"SearchAction","target":{"@type":"EntryPoint","urlTemplate":"https:\/\/annaalbert.com\/es\/?s={search_term_string}"},"query-input":{"@type":"PropertyValueSpecification","valueRequired":true,"valueName":"search_term_string"}}],"inLanguage":"es"},{"@type":"Organization","@id":"https:\/\/annaalbert.com\/es\/#organization","name":"Art en Seda by Anna Albert","url":"https:\/\/annaalbert.com\/es\/","logo":{"@type":"ImageObject","inLanguage":"es","@id":"https:\/\/annaalbert.com\/es\/#\/schema\/logo\/image\/","url":"https:\/\/annaalbert.com\/wp-content\/uploads\/2021\/01\/horitzontal_fonsblanc-scaled.jpg","contentUrl":"https:\/\/annaalbert.com\/wp-content\/uploads\/2021\/01\/horitzontal_fonsblanc-scaled.jpg","width":2560,"height":779,"caption":"Art en Seda by Anna Albert"},"image":{"@id":"https:\/\/annaalbert.com\/es\/#\/schema\/logo\/image\/"}}]}</script>
<!-- / Yoast SEO plugin. -->

Pañuelo de seda natural de peces - Art en Seda

Pañuelo de seda natural de peces que se inspira en el fondo marino de nuestro mediterráneo. Combinable tanto en verano como en invierno.
